{"id":16762,"date":"2011-06-17T14:42:57","date_gmt":"2011-06-17T14:42:57","guid":{"rendered":"http:\/\/testphp.filastrocche.it\/contenuti\/?page_id=16762"},"modified":"2013-03-15T10:59:03","modified_gmt":"2013-03-15T10:59:03","slug":"consigli","status":"publish","type":"page","link":"https:\/\/www.filastrocche.it\/contenuti\/consigli\/","title":{"rendered":"Siti consigliati"},"content":{"rendered":"<p><span >La Redazione di Filastrocche.it vi propone un elenco si siti che ritiene utili, divertenti ed interessanti.<\/span><\/p>\n<p><span ><strong>ATTENZIONE!<br \/>\n<\/strong><\/span><span ><strong>Filastrocche.it non \u00e8 collegato ai siti recensiti e non \u00e8 responsabile del loro contenuto<\/strong>.<\/span><\/p>\n<p><span ><strong><span >Gli altri siti del Network di Filastrocche.it:<\/span><\/strong> <\/span><\/p>\n<p><span ><a title=\"Mammacheclub\" href=\"http:\/\/www.mammacheclub.com\/\" target=\"_blank\"><img loading=\"lazy\" decoding=\"async\" width=\"350\" height=\"82\" class=\"alignnone  wp-image-128097\" title=\"mammacheclub\" src=\"https:\/\/www.filastrocche.it\/contenuti\/wp-content\/uploads\/2011\/06\/mammacheclub.jpg\" alt=\"\" srcset=\"https:\/\/www.filastrocche.it\/contenuti\/wp-content\/uploads\/2011\/06\/mammacheclub.jpg 350w, https:\/\/www.filastrocche.it\/contenuti\/wp-content\/uploads\/2011\/06\/mammacheclub-300x70.jpg 300w\" sizes=\"auto, (max-width: 350px) 100vw, 350px\" \/><\/a><a href=\"http:\/\/www.mammacheclub.com\/\" target=\"_blank\"><br \/>\nMammacheClub.com<\/a>: il primo Social network italiano per Mamme! Una piazzetta virtuale dove chiacchierare, dare e raccogliere informazioni, scambiarsi idee su una delle avventure pi\u00f9 grandi del mondo: la maternit\u00e0!<\/span><\/p>\n<p><span ><a title=\"Blogmamma.it\" href=\"http:\/\/www.blogmamma.it\/\" target=\"_blank\"><img loading=\"lazy\" decoding=\"async\" width=\"314\" height=\"75\" class=\"alignnone size-full wp-image-128099\" title=\"blogmamma\" src=\"https:\/\/www.filastrocche.it\/contenuti\/wp-content\/uploads\/2011\/06\/blogmamma.jpg\" alt=\"\" srcset=\"https:\/\/www.filastrocche.it\/contenuti\/wp-content\/uploads\/2011\/06\/blogmamma.jpg 314w, https:\/\/www.filastrocche.it\/contenuti\/wp-content\/uploads\/2011\/06\/blogmamma-300x71.jpg 300w\" sizes=\"auto, (max-width: 314px) 100vw, 314px\" \/><\/a><a href=\"http:\/\/www.blogmamma.it\/\" target=\"_blank\"><br \/>\nBlogmamma.it<\/a>: il web magazine a misura di mamma!<\/span><\/p>\n<p><span ><a title=\"Mammacheblog.it\" href=\"http:\/\/www.mammacheblog.com\/\" target=\"_blank\"><img loading=\"lazy\" decoding=\"async\" width=\"314\" height=\"84\" class=\"alignnone size-full wp-image-128101\" title=\"mammacheblog\" src=\"https:\/\/www.filastrocche.it\/contenuti\/wp-content\/uploads\/2011\/06\/mammacheblog.jpg\" alt=\"\" srcset=\"https:\/\/www.filastrocche.it\/contenuti\/wp-content\/uploads\/2011\/06\/mammacheblog.jpg 314w, https:\/\/www.filastrocche.it\/contenuti\/wp-content\/uploads\/2011\/06\/mammacheblog-300x80.jpg 300w\" sizes=\"auto, (max-width: 314px) 100vw, 314px\" \/><\/a><a href=\"http:\/\/mammacheblog.com\/\" target=\"_blank\"><br \/>\nMammacheBlog.com<\/a>: il meglio dei blog delle mamme in rete!<\/span><\/p>\n<p><span ><a title=\"MammacheSpasso - Il blog di Jolanda\" href=\"https:\/\/www.filastrocche.it\/jolanda\/\" target=\"_blank\"><img loading=\"lazy\" decoding=\"async\" width=\"350\" height=\"96\" class=\"alignnone size-full wp-image-128107\" title=\"mammachespasso\" src=\"https:\/\/www.filastrocche.it\/contenuti\/wp-content\/uploads\/2011\/06\/mammachespasso.jpg\" alt=\"\" srcset=\"https:\/\/www.filastrocche.it\/contenuti\/wp-content\/uploads\/2011\/06\/mammachespasso.jpg 350w, https:\/\/www.filastrocche.it\/contenuti\/wp-content\/uploads\/2011\/06\/mammachespasso-300x82.jpg 300w\" sizes=\"auto, (max-width: 350px) 100vw, 350px\" \/><\/a><a href=\"https:\/\/www.filastrocche.it\/jolanda\/\" target=\"_blank\"><br \/>\nMamma che spasso!<\/a>: il blog di Jolanda!<\/span><\/p>\n<p><span ><a title=\"Agenda di Filastrocche.it\" href=\"http:\/\/agenda.filastrocche.it\/\" target=\"_blank\"><img loading=\"lazy\" decoding=\"async\" width=\"350\" height=\"69\" class=\"alignnone size-full wp-image-128109\" title=\"agenda-filastrocche\" src=\"https:\/\/www.filastrocche.it\/contenuti\/wp-content\/uploads\/2011\/06\/agenda-filastrocche.jpg\" alt=\"\" srcset=\"https:\/\/www.filastrocche.it\/contenuti\/wp-content\/uploads\/2011\/06\/agenda-filastrocche.jpg 350w, https:\/\/www.filastrocche.it\/contenuti\/wp-content\/uploads\/2011\/06\/agenda-filastrocche-300x59.jpg 300w\" sizes=\"auto, (max-width: 350px) 100vw, 350px\" \/><\/a><a href=\"http:\/\/agenda.filastrocche.it\/\" target=\"_blank\"><br \/>\nAgenda.filastrocche.it<\/a>: eventi e appuntamenti per la famiglia e i bambini!<\/span><\/p>\n<p>&nbsp;<\/p>\n<p><span > <strong><span >Su Facebook:<\/span><\/strong> <\/span><\/p>\n<p><a href=\"http:\/\/www.facebook.com\/filastrocche\"> <img decoding=\"async\" src=\"https:\/\/www.filastrocche.it\/immagini\/areoplanino_quadrato_90.jpg\" alt=\"\" align=\"left\" border=\"0\" \/><\/a><span ><a title=\"Fan Page di Filastrocche.it\" href=\"http:\/\/www.facebook.com\/filastrocche\" target=\"_blank\">La Fan Page di Filastrocche.it<\/a> Per gli appassionati di Filastrocche.it e di tutti i suoi contenuti.<br \/>\nVieni sulla <a title=\"Fan Page di Filastrocche.it\" href=\"https:\/\/www.facebook.com\/filastrocche\" target=\"_blank\">Fan Page su Facebook<\/a> e incontrerai altri che come te condividono la passione per le tradizioni, le filastrocche, le canzoni&#8230;E in pi\u00f9 sarai sempre aggiornato su tutte le novit\u00e0 di Filastrocche.it e del suo network di siti!<br \/>\n<\/span><\/p>\n<p><a href=\"http:\/\/www.facebook.com\/ioamolascuolapubblica\"> <img decoding=\"async\" src=\"https:\/\/www.filastrocche.it\/immagini\/io_amo_scuola_pubblica.jpg\" alt=\"\" align=\"left\" border=\"0\" \/><\/a><span ><a title=\"Io AMO la Scuola Pubblica\" href=\"http:\/\/www.facebook.com\/ioamolascuolapubblica\" target=\"_blank\">Io AMO la Scuola Pubblica<\/a> Per gli operatori del settore Scuola (Insegnante, maestro, educatore, docente, ecc) e per tutti i genitori alle prese con l&#8217;istruzione dei propri figli, Io amo la Scuola Pubblica \u00e8 un luogo d&#8217;incontro su Facebook dove parlare e affrontare insieme i temi legati alla Scuola <\/span><\/p>\n<p>&nbsp;<\/p>\n<p><span > <strong><span >Letteratura per l&#8217;infanzia:<\/span><\/strong> <\/span><\/p>\n<p><span ><img decoding=\"async\" src=\"https:\/\/www.filastrocche.it\/immagini\/bullet1.gif\" alt=\"\" border=\"0\" \/> <a href=\"http:\/\/www.cponline.it\/alice\/alice.htm\" target=\"_blank\">Alice nel paese delle meraviglie<\/a> di Lewis Caroll: testo dinamico multimediale con le illustrazioni originali animate. <\/span><\/p>\n<p><span ><img decoding=\"async\" src=\"https:\/\/www.filastrocche.it\/immagini\/bullet1.gif\" alt=\"\" border=\"0\" \/> <a href=\"http:\/\/www.liberliber.it\/biblioteca\/d\/de_amicis\/cuore\/html\/index.htm\" target=\"_blank\">Il libro Cuore<\/a> di Edmondo De Amicis. <\/span><\/p>\n<p><span ><img decoding=\"async\" src=\"https:\/\/www.filastrocche.it\/immagini\/bullet1.gif\" alt=\"\" border=\"0\" \/> <a href=\"http:\/\/www.andersenstories.com\/\" target=\"_blank\">Le fiabe di Andersen<\/a>: raccolta delle fiabe del famoso autore nordico<\/span><\/p>\n<p><span ><img decoding=\"async\" src=\"https:\/\/www.filastrocche.it\/immagini\/bullet1.gif\" alt=\"\" border=\"0\" \/> <a href=\"http:\/\/www.letteraturaitaliana.net\/pdf\/Volume_9\/t217.pdf\" target=\"_blank\">Le avventure di Pinocchio<\/a> di Carlo Collodi, in versione pdf.<\/span><\/p>\n<p><span ><img decoding=\"async\" src=\"https:\/\/www.filastrocche.it\/immagini\/bullet1.gif\" alt=\"\" border=\"0\" \/> <a href=\"http:\/\/www.liberliber.it\/biblioteca\/s\/salgari\/i_pirati_della_malesia\/html\/index.htm\" target=\"_blank\">I Pirati della Malesia<\/a>: il classico di Emilio Salgari on line!<\/span><\/p>\n<p>&nbsp;<\/p>\n<p><strong><span > Siti dedicati ai bambini e ai genitori:<\/span><\/strong><\/p>\n<p><span ><img decoding=\"async\" src=\"https:\/\/www.filastrocche.it\/immagini\/bullet1.gif\" alt=\"\" border=\"0\" \/> <a href=\"http:\/\/www.bambini.it\/\" target=\"_blank\">Bambini.it<\/a>: archivio di link con siti dedicati ai pi\u00f9 piccini.<\/span><\/p>\n<p><a href=\"http:\/\/www.mammeonline.net\/\" target=\"_blank\"><img decoding=\"async\" src=\"https:\/\/www.filastrocche.it\/immagini\/mam2.gif\" alt=\"\" align=\"left\" border=\"0\" \/><\/a> <span ><a href=\"http:\/\/www.mammeonline.net\/\" target=\"_blank\">Mammeonline<\/a>: il punto d&#8217;incontro per le mamme sul web! Una vera e propria community di mamme che si parlano attraverso i forum del sito!<\/span><\/p>\n<p><span > <a href=\"http:\/\/www.genitori.it\/\" target=\"_blank\"> <img decoding=\"async\" src=\"https:\/\/www.filastrocche.it\/immagini\/moige_sito.jpg\" alt=\"\" align=\"left\" border=\"0\" \/>Genitori.it<\/a>: sito internet del Moige &#8211; Movimento Italiano Genitori, che ha come mission la tutela e la sensibilizzazione del ruolo del genitore e del minore in tutti gli ambiti di loro peculiare ed inalienabile pertinenza.<\/span><\/p>\n<p><a href=\"http:\/\/www.bimbisicuri.it\/\" target=\"_blank\"><img decoding=\"async\" src=\"https:\/\/www.filastrocche.it\/immagini\/bimbisicuri.gif\" alt=\"\" align=\"left\" border=\"0\" \/><\/a> <span ><a href=\"http:\/\/www.bimbisicuri.it\/\" target=\"_blank\">Bimbisicuri.it<\/a>: Sito dedicato alla sicurezza dei bambini in auto e realizzato da un gruppo di mamme. Il sito \u00e8 ricco di informazioni utili come quelle sui vari tipi di seggiolini omologati da utilizzare in auto.<\/span><\/p>\n<p><span > <a href=\"http:\/\/navigaresicuri.telecomitalia.it\/index.html\" target=\"_blank\"> <img decoding=\"async\" src=\"https:\/\/www.filastrocche.it\/immagini\/logo_navigaresicuri.jpg\" alt=\"\" align=\"left\" border=\"0\" \/>navigaresicuri <\/a>\u00e8 la passione per la navigazione in Rete, una rivoluzione culturale e sociale. E\u2019 anche la consapevolezza che il fascinoso mondo di Internet pu\u00f2 nascondere alcune insidie soprattutto per i pi\u00f9 giovani. Con <a href=\"http:\/\/navigaresicuri.telecomitalia.it\/index.html\" target=\"_blank\"> navigaresicuri<\/a>, Telecom Italia vuole parlare alle famiglie italiane e ai loro figli di questa grande risorsa senza nascondere i problemi che possono tramutarla in pericolo. <\/span><\/p>\n<p>&nbsp;<\/p>\n<p><strong><span > Mitici Muppets!<\/span><\/strong><\/p>\n<p><a href=\"http:\/\/muppets.go.com\/\" target=\"_blank\"> <img decoding=\"async\" src=\"https:\/\/www.filastrocche.it\/immagini\/muppet1.jpg\" alt=\"\" align=\"left\" border=\"0\" \/><span >Muppets.com:<\/span><\/a><span > Tutto sui mitici personaggi del fantastico Muppets Show! Novit\u00e0, film in uscita, gadgets, giochi: di tutto di pi\u00f9!<\/span><\/p>\n<p><span > <a href=\"http:\/\/www.muppetcentral.com\/\" target=\"_blank\"> <img decoding=\"async\" src=\"https:\/\/www.filastrocche.it\/immagini\/muppet2.jpg\" alt=\"\" align=\"left\" border=\"0\" \/>MuppetCentral.com<\/a>: altro interessante sito pieno di notizie e curiosit\u00e0 sui pupazzi pi\u00f9 simpatici del pianeta! Da non perdere!<\/span><\/p>\n<p><span > <a href=\"http:\/\/www.sesameworkshop.org\/\" target=\"_blank\"> <img decoding=\"async\" src=\"https:\/\/www.filastrocche.it\/immagini\/sesame_street.jpg\" alt=\"\" align=\"left\" border=\"0\" \/><\/a> <\/span><\/p>\n<p><span > <a href=\"http:\/\/www.sesameworkshop.org\/\" target=\"_blank\">SesameWorkshop.org<\/a>: Tutto su Sesame Street, altro famosissimo programma di pupazzi, nati da &#8220;una costola&#8221; dei celebri Muppets e diventati altrettanto famosi!<\/span><\/p>\n<p>&nbsp;<\/p>\n<p><strong><span > Aiutiamo i bambini:<\/span><\/strong><\/p>\n<p><span ><a href=\"http:\/\/www.savethechildren.it\/\" target=\"_blank\"><img decoding=\"async\" src=\"https:\/\/www.filastrocche.it\/immagini\/stc.gif\" alt=\"\" align=\"left\" border=\"0\" \/>Save the Children<\/a> \u00e8 il pi\u00f9 grande movimento internazionale indipendente per la difesa e promozione dei diritti dei bambini.<\/span><\/p>\n<p><span > <a href=\"http:\/\/www.aiutareibambini.it\/\" target=\"_blank\"> <img decoding=\"async\" src=\"https:\/\/www.filastrocche.it\/immagini\/aiutare_bambini_logo.jpg\" alt=\"\" align=\"left\" border=\"0\" \/>aiutare i bambini<\/a>: organizzazione laica ed indipendente, la cui missione \u00e8 &#8220;aiutare e sostenere i bambini poveri, ammalati, senza istruzione o che hanno subito violenze fisiche o morali per dare loro l&#8217;opportunit\u00e0 e la speranza di una vita degna di una persona&#8221;. La <a href=\"http:\/\/www.aiutareibambini.it\/\" target=\"_blank\">Fondazione<\/a> (Onlus riconosciuta dalla legge) realizza anche una linea di prodotti solidali: <a href=\"http:\/\/www.helpstyle.it\/\" target=\"_blank\">HelpStyle<\/a>.<br \/>\n<a href=\"http:\/\/www.helpstyle.it\/\" target=\"_blank\"> <img decoding=\"async\" src=\"https:\/\/www.filastrocche.it\/immagini\/aiutare_bambini_helpstyle_logo.jpg\" alt=\"\" align=\"left\" border=\"0\" \/><\/a>I proventi della vendita servono per sostenere i progetti di aiuto all&#8217;infanzia in Italia e nel mondo. Tutti gli articoli <a href=\"http:\/\/www.helpstyle.it\/\" target=\"_blank\">HelpStyle<\/a> provengono da produzioni controllate dal commercio equo e solidale oppure sono prodotti italiani, certificati sull&#8217;assenza di lavoro minorile.<\/span><\/p>\n<p><a href=\"http:\/\/www.azzurro.it\/\" target=\"_blank\"> <img decoding=\"async\" src=\"https:\/\/www.filastrocche.it\/immagini\/telefono_azzurro.jpg\" alt=\"\" align=\"left\" border=\"0\" \/><\/a><span ><a href=\"http:\/\/www.azzurro.it\/\" target=\"_blank\">Telefono azzurro<\/a>: associazione impegnata nella prevenzione e nella cura delle situazioni di disagio anche mediante il coinvolgimento della comunit\u00e0, affrontando i problemi dell&#8217;infanzia in un&#8217;ottica nazionale, europea e internazionale. La prima linea telefonica nazionale per la prevenzione dell&#8217;abuso all&#8217;infanzia e la tutela dei minori. <\/span><\/p>\n<p><span ><a href=\"http:\/\/www.deti.msk.ru\/it\/\" target=\"_blank\"><img decoding=\"async\" src=\"https:\/\/www.filastrocche.it\/immagini\/maria.jpg\" alt=\"\"   align=\"left\" border=\"0\" \/><\/a> <a href=\"http:\/\/www.deti.msk.ru\/it\/\" target=\"_blank\">Clinica Pediatrica Russa<\/a>: \u00e8 un&#8217;istituzione singolare, unica in tutta la Federazione russa. Qui arrivano bambini dai pi\u00f9 diversi angoli del Paese. Questi bambini presentano le malattie pi\u00f9 terribili e talvolta incurabili. Chi volesse collaborare con un contributo pu\u00f2 visitare il sito.<\/span><\/p>\n<p><a href=\"http:\/\/www.aquiloneblu.org\/\" target=\"_blank\"> <img decoding=\"async\" src=\"https:\/\/www.filastrocche.it\/immagini\/aquilone_blu_logo.jpg\" alt=\"\" align=\"left\" border=\"0\" \/><\/a><span ><a href=\"http:\/\/www.aquiloneblu.org\/\" target=\"_blank\">Aquilone Blu<\/a>, in difesa dei bambini: associazione per la salvaguardia dell&#8217;infanzia. <a href=\"http:\/\/www.aquiloneblu.org\/\" target=\"_blank\">Aquilone Blu<\/a> lotta contro gli abusi ai minori attraverso la collaborazione attiva con diverse associazioni in Italia ed all&#8217;estero, offrendo una serie di servizi e consulenze gratuite nonch\u00e9 informazione specifica di utile supporto agli operatori di settore sia pubblico che privato.<\/span><\/p>\n<p>&nbsp;<\/p>\n<p><strong><span >E poi:<\/span><\/strong><\/p>\n<p><span > <a href=\"http:\/\/www.open-minds.it\/\" target=\"_blank\"> <img decoding=\"async\" src=\"https:\/\/www.filastrocche.it\/immagini\/Logo_open_minds.jpg\" alt=\"\" align=\"left\" border=\"0\" \/>Openminds <\/a>\u00e8 una scuola di inglese per bambini che manda le insegnanti madrelingua a domicilio. Ogni aspetto del corso \u00e8 personalizzato per incontrare al massimo gli interessi del piccolo studente, ma soprattutto ci\u00f2 evita a mamme e bimbi l\u2019affaticamento degli spostamenti dopo la scuola.<\/span><\/p>\n<p><span > <a href=\"http:\/\/www.dols.it\/\" target=\"_blank\"> <img decoding=\"async\" src=\"https:\/\/www.filastrocche.it\/immagini\/logo_dols.gif\" alt=\"\" align=\"left\" border=\"0\" \/><\/a> <a href=\"http:\/\/www.dols.it\/\" target=\"_blank\">dol&#8217;s &#8211; il sito delle donne on line<\/a>: nel sito, totalmente rinnovato tante rubriche, come quella della psicologa e della mental trainer, o ancora quella della ginecologa. Ma anche nuovi spazi aperti ai giovani ed ai signori uomini, perch\u00e9 le pari opportunit\u00e0 non sono possibili se non vengono comprese e supportate anche da loro.<\/span><\/p>\n<p><span > <a href=\"http:\/\/www.scrivimiamore.it\/\" target=\"_blank\"><img decoding=\"async\" src=\"https:\/\/www.filastrocche.it\/immagini\/scrivimiamore.jpg\" alt=\"\" align=\"left\" border=\"0\" \/> Scrivimiamore<\/a>: vuoi scrivere una lettera d&#8217;amore, ma non trovi le parole giuste? Ecco il sito che ti dar\u00e0 una mano&#8230;<\/span><span ><em><br \/>\n<\/em><\/span><\/p>\n","protected":false},"excerpt":{"rendered":"<p>La Redazione di Filastrocche.it vi propone un elenco si siti che ritiene utili, divertenti ed interessanti. ATTENZIONE! Filastrocche.it non \u00e8 collegato ai siti recensiti e non \u00e8 responsabile del loro contenuto. Gli altri siti del Network di Filastrocche.it: MammacheClub.com: il primo Social network italiano per Mamme! Una piazzetta virtuale dove chiacchierare, dare e raccogliere informazioni, [&hellip;]<\/p>\n","protected":false},"author":5,"featured_media":0,"parent":0,"menu_order":0,"comment_status":"open","ping_status":"open","template":"","meta":{"footnotes":""},"class_list":["post-16762","page","type-page","status-publish","hentry"],"yoast_head":"<!-- This site is optimized with the Yoast SEO plugin v26.2 - https:\/\/yoast.com\/wordpress\/plugins\/seo\/ -->\n<title>Siti consigliati - I testi della tradizione di Filastrocche.it<\/title>\n<meta name=\"robots\" content=\"index, follow, max-snippet:-1, max-image-preview:large, max-video-preview:-1\" \/>\n<link rel=\"canonical\" href=\"https:\/\/www.filastrocche.it\/contenuti\/consigli\/\" \/>\n<meta property=\"og:locale\" content=\"it_IT\" \/>\n<meta property=\"og:type\" content=\"article\" \/>\n<meta property=\"og:title\" content=\"Siti consigliati - I testi della tradizione di Filastrocche.it\" \/>\n<meta property=\"og:description\" content=\"La Redazione di Filastrocche.it vi propone un elenco si siti che ritiene utili, divertenti ed interessanti. ATTENZIONE! Filastrocche.it non \u00e8 collegato ai siti recensiti e non \u00e8 responsabile del loro contenuto. Gli altri siti del Network di Filastrocche.it: MammacheClub.com: il primo Social network italiano per Mamme! Una piazzetta virtuale dove chiacchierare, dare e raccogliere informazioni, [&hellip;]\" \/>\n<meta property=\"og:url\" content=\"https:\/\/www.filastrocche.it\/contenuti\/consigli\/\" \/>\n<meta property=\"og:site_name\" content=\"I testi della tradizione di Filastrocche.it\" \/>\n<meta property=\"article:modified_time\" content=\"2013-03-15T10:59:03+00:00\" \/>\n<meta property=\"og:image\" content=\"https:\/\/www.filastrocche.it\/contenuti\/wp-content\/uploads\/2011\/06\/mammacheclub.jpg\" \/>\n<meta name=\"twitter:label1\" content=\"Tempo di lettura stimato\" \/>\n\t<meta name=\"twitter:data1\" content=\"4 minuti\" \/>\n<!-- \/ Yoast SEO plugin. -->","yoast_head_json":{"title":"Siti consigliati - I testi della tradizione di Filastrocche.it","robots":{"index":"index","follow":"follow","max-snippet":"max-snippet:-1","max-image-preview":"max-image-preview:large","max-video-preview":"max-video-preview:-1"},"canonical":"https:\/\/www.filastrocche.it\/contenuti\/consigli\/","og_locale":"it_IT","og_type":"article","og_title":"Siti consigliati - I testi della tradizione di Filastrocche.it","og_description":"La Redazione di Filastrocche.it vi propone un elenco si siti che ritiene utili, divertenti ed interessanti. ATTENZIONE! Filastrocche.it non \u00e8 collegato ai siti recensiti e non \u00e8 responsabile del loro contenuto. Gli altri siti del Network di Filastrocche.it: MammacheClub.com: il primo Social network italiano per Mamme! Una piazzetta virtuale dove chiacchierare, dare e raccogliere informazioni, [&hellip;]","og_url":"https:\/\/www.filastrocche.it\/contenuti\/consigli\/","og_site_name":"I testi della tradizione di Filastrocche.it","article_modified_time":"2013-03-15T10:59:03+00:00","og_image":[{"url":"https:\/\/www.filastrocche.it\/contenuti\/wp-content\/uploads\/2011\/06\/mammacheclub.jpg","type":"","width":"","height":""}],"twitter_misc":{"Tempo di lettura stimato":"4 minuti"},"schema":{"@context":"https:\/\/schema.org","@graph":[{"@type":"WebPage","@id":"https:\/\/www.filastrocche.it\/contenuti\/consigli\/","url":"https:\/\/www.filastrocche.it\/contenuti\/consigli\/","name":"Siti consigliati - I testi della tradizione di Filastrocche.it","isPartOf":{"@id":"https:\/\/www.filastrocche.it\/contenuti\/#website"},"primaryImageOfPage":{"@id":"https:\/\/www.filastrocche.it\/contenuti\/consigli\/#primaryimage"},"image":{"@id":"https:\/\/www.filastrocche.it\/contenuti\/consigli\/#primaryimage"},"thumbnailUrl":"https:\/\/www.filastrocche.it\/contenuti\/wp-content\/uploads\/2011\/06\/mammacheclub.jpg","datePublished":"2011-06-17T14:42:57+00:00","dateModified":"2013-03-15T10:59:03+00:00","breadcrumb":{"@id":"https:\/\/www.filastrocche.it\/contenuti\/consigli\/#breadcrumb"},"inLanguage":"it-IT","potentialAction":[{"@type":"ReadAction","target":["https:\/\/www.filastrocche.it\/contenuti\/consigli\/"]}]},{"@type":"ImageObject","inLanguage":"it-IT","@id":"https:\/\/www.filastrocche.it\/contenuti\/consigli\/#primaryimage","url":"https:\/\/www.filastrocche.it\/contenuti\/wp-content\/uploads\/2011\/06\/mammacheclub.jpg","contentUrl":"https:\/\/www.filastrocche.it\/contenuti\/wp-content\/uploads\/2011\/06\/mammacheclub.jpg","width":"350","height":"82"},{"@type":"BreadcrumbList","@id":"https:\/\/www.filastrocche.it\/contenuti\/consigli\/#breadcrumb","itemListElement":[{"@type":"ListItem","position":1,"name":"Home","item":"https:\/\/www.filastrocche.it\/contenuti\/"},{"@type":"ListItem","position":2,"name":"Siti consigliati"}]},{"@type":"WebSite","@id":"https:\/\/www.filastrocche.it\/contenuti\/#website","url":"https:\/\/www.filastrocche.it\/contenuti\/","name":"I testi della tradizione di Filastrocche.it","description":"Filastrocche, fiabe, canzoni e...","potentialAction":[{"@type":"SearchAction","target":{"@type":"EntryPoint","urlTemplate":"https:\/\/www.filastrocche.it\/contenuti\/?s={search_term_string}"},"query-input":{"@type":"PropertyValueSpecification","valueRequired":true,"valueName":"search_term_string"}}],"inLanguage":"it-IT"}]}},"_links":{"self":[{"href":"https:\/\/www.filastrocche.it\/contenuti\/wp-json\/wp\/v2\/pages\/16762","targetHints":{"allow":["GET"]}}],"collection":[{"href":"https:\/\/www.filastrocche.it\/contenuti\/wp-json\/wp\/v2\/pages"}],"about":[{"href":"https:\/\/www.filastrocche.it\/contenuti\/wp-json\/wp\/v2\/types\/page"}],"author":[{"embeddable":true,"href":"https:\/\/www.filastrocche.it\/contenuti\/wp-json\/wp\/v2\/users\/5"}],"replies":[{"embeddable":true,"href":"https:\/\/www.filastrocche.it\/contenuti\/wp-json\/wp\/v2\/comments?post=16762"}],"version-history":[{"count":0,"href":"https:\/\/www.filastrocche.it\/contenuti\/wp-json\/wp\/v2\/pages\/16762\/revisions"}],"wp:attachment":[{"href":"https:\/\/www.filastrocche.it\/contenuti\/wp-json\/wp\/v2\/media?parent=16762"}],"curies":[{"name":"wp","href":"https:\/\/api.w.org\/{rel}","templated":true}]}}