{"id":52939,"date":"2012-06-11T10:10:22","date_gmt":"2012-06-11T10:10:22","guid":{"rendered":"https:\/\/www.filastrocche.it\/contenuti\/?page_id=52939"},"modified":"2012-06-11T10:12:09","modified_gmt":"2012-06-11T10:12:09","slug":"un-social-network-per-le-mamme-in-rete","status":"publish","type":"page","link":"https:\/\/www.filastrocche.it\/contenuti\/dicono-di-noi\/rassegna-stampa-dellanno-2009\/un-social-network-per-le-mamme-in-rete\/","title":{"rendered":"Un social network per le mamme in Rete"},"content":{"rendered":"<p><span >FOCUS<\/span><br \/>\nDa &#8220;Affari&amp;Finanza&#8221; &#8211; Supplemento de &#8220;La Repubblica&#8221; &#8211; Anno 24 &#8211; Numero 2 &#8211;<br \/>\n26 Gennaio 2009<\/p>\n<p>&nbsp;<\/p>\n<p><img decoding=\"async\" class=\"aligncenter\"  src=\"https:\/\/www.filastrocche.it\/immagini\/articoli\/2009\/repubblica_260109_500.jpg\" alt=\"\"  border=\"0\" \/><\/p>\n<p>&nbsp;<\/p>\n<p>Non solo moda e lusso sulla rete al femminile: \u00e8 nato\u00a0 &#8220;<a href=\"http:\/\/www.mammacheclub.com\/\" target=\"_blank\">MammacheClub<\/a>&#8220;, il nuovo social network riservato esclusivamente alle mamme. Sulle orme di Facebook e MySpace, offre alle mamme un luogo a loro dedicato per incontrarsi, confrontarsi, fare amicizia, in linea con il nuovo web 2.0. Ideato da <a href=\"http:\/\/www.fattoremamma.com\" target=\"_blank\"> FattoreMamma<\/a>, editore di servizi online dedicati alle famiglie e ai bambini, il social network \u00e8 stato realizzato originariamente a supporto dei lavori dell&#8217;Osservatorio Mamme e Informazione fondato da <a href=\"http:\/\/www.fattoremamma.com\" target=\"_blank\">FattoreMamma<\/a> e Centro Ask dell&#8217;Universit\u00e0 Bocconi ed \u00e8 finalizzato ad approfondire la conoscenza del rapporto tra mamme, informazione e nuovi media. E&#8217; aperto alla partecipazione di tutte le mamme e ospita commenti, opinioni, riflessioni, ma anche video e foto delle mamme iscritte. L&#8217;iscrizione \u00e8 moderata ed aperta alle sole mamme o future mamme.<\/p>\n<p><a href=\"http:\/\/www.mammacheclub.com\/\" target=\"_blank\">MammacheClub<\/a> \u00e8 stato ideato ed \u00e8 curato, naturalmente, da due mamme: Jolanda Restano (3 figli dai 3 ai 9 anni) e Cecilia Spanu (4 figli dai 5 ai 13 anni). &#8220;Abbiamo voluto creare uno spazio per sole mamme &#8211; spiega Jolanda &#8211; dove potersi incontrare e comunicare liberamente e facilmente. Il social network \u00e8 agile, semplice da usare, ma in grado di adattarsi alle nostre esigenze di mamme sempre un po&#8217; di corsa. La piattaforma utilizzata consente una particolare semplicit\u00e0 nell&#8217;iscrizione, nell&#8217;accesso e nella fruizione dei servizi offerti, che vanno dal forum al blog, dalla possibilit\u00e0 di caricare foto e video alla facolt\u00e0 di pubblicare eventi e presentazioni&#8221;.<\/p>\n<p>Secondo Cecilia, il modello funziona &#8220;se \u00e8 vero che abbiamo gi\u00e0 superato le 200 mamme registrate a poco pi\u00f9 di un mese dall&#8217;apertura del Club&#8221;. Sul blog di <a href=\"http:\/\/www.mammacheclub.com\/\" target=\"_blank\"> MammacheClub<\/a>, Cecilia segue anche uno spazio dal titolo &#8220;La Rete a portata di mamma&#8221; per fare in modo che anche le mamme meno esperte imparino a sfruttare al meglio tutte le potenzialit\u00e0 della Rete: &#8220;L&#8217;idea \u00e8 quella di creare uno scambio di informazioni e contatti sia fra mamme ipertecnologiche, sia fra mamme alle prime armi con il mondo web, e prendere confidenza con strumenti di cui spesso sentiamo parlare da colleghi, da amiche, dai nostri figli adolescenti&#8221;.<\/p>\n","protected":false},"excerpt":{"rendered":"<p>FOCUS Da &#8220;Affari&amp;Finanza&#8221; &#8211; Supplemento de &#8220;La Repubblica&#8221; &#8211; Anno 24 &#8211; Numero 2 &#8211; 26 Gennaio 2009 &nbsp; &nbsp; Non solo moda e lusso sulla rete al femminile: \u00e8 nato\u00a0 &#8220;MammacheClub&#8220;, il nuovo social network riservato esclusivamente alle mamme. Sulle orme di Facebook e MySpace, offre alle mamme un luogo a loro dedicato per [&hellip;]<\/p>\n","protected":false},"author":17,"featured_media":0,"parent":52429,"menu_order":0,"comment_status":"open","ping_status":"open","template":"","meta":{"footnotes":""},"class_list":["post-52939","page","type-page","status-publish","hentry"],"yoast_head":"<!-- This site is optimized with the Yoast SEO plugin v26.2 - https:\/\/yoast.com\/wordpress\/plugins\/seo\/ -->\n<title>Un social network per le mamme in Rete - I testi della tradizione di Filastrocche.it<\/title>\n<meta name=\"robots\" content=\"index, follow, max-snippet:-1, max-image-preview:large, max-video-preview:-1\" \/>\n<link rel=\"canonical\" href=\"https:\/\/www.filastrocche.it\/contenuti\/dicono-di-noi\/rassegna-stampa-dellanno-2009\/un-social-network-per-le-mamme-in-rete\/\" \/>\n<meta property=\"og:locale\" content=\"it_IT\" \/>\n<meta property=\"og:type\" content=\"article\" \/>\n<meta property=\"og:title\" content=\"Un social network per le mamme in Rete - I testi della tradizione di Filastrocche.it\" \/>\n<meta property=\"og:description\" content=\"FOCUS Da &#8220;Affari&amp;Finanza&#8221; &#8211; Supplemento de &#8220;La Repubblica&#8221; &#8211; Anno 24 &#8211; Numero 2 &#8211; 26 Gennaio 2009 &nbsp; &nbsp; Non solo moda e lusso sulla rete al femminile: \u00e8 nato\u00a0 &#8220;MammacheClub&#8220;, il nuovo social network riservato esclusivamente alle mamme. Sulle orme di Facebook e MySpace, offre alle mamme un luogo a loro dedicato per [&hellip;]\" \/>\n<meta property=\"og:url\" content=\"https:\/\/www.filastrocche.it\/contenuti\/dicono-di-noi\/rassegna-stampa-dellanno-2009\/un-social-network-per-le-mamme-in-rete\/\" \/>\n<meta property=\"og:site_name\" content=\"I testi della tradizione di Filastrocche.it\" \/>\n<meta property=\"article:modified_time\" content=\"2012-06-11T10:12:09+00:00\" \/>\n<meta property=\"og:image\" content=\"https:\/\/www.filastrocche.it\/immagini\/articoli\/2009\/repubblica_260109_500.jpg\" \/>\n<meta name=\"twitter:label1\" content=\"Tempo di lettura stimato\" \/>\n\t<meta name=\"twitter:data1\" content=\"2 minuti\" \/>\n<!-- \/ Yoast SEO plugin. -->","yoast_head_json":{"title":"Un social network per le mamme in Rete - I testi della tradizione di Filastrocche.it","robots":{"index":"index","follow":"follow","max-snippet":"max-snippet:-1","max-image-preview":"max-image-preview:large","max-video-preview":"max-video-preview:-1"},"canonical":"https:\/\/www.filastrocche.it\/contenuti\/dicono-di-noi\/rassegna-stampa-dellanno-2009\/un-social-network-per-le-mamme-in-rete\/","og_locale":"it_IT","og_type":"article","og_title":"Un social network per le mamme in Rete - I testi della tradizione di Filastrocche.it","og_description":"FOCUS Da &#8220;Affari&amp;Finanza&#8221; &#8211; Supplemento de &#8220;La Repubblica&#8221; &#8211; Anno 24 &#8211; Numero 2 &#8211; 26 Gennaio 2009 &nbsp; &nbsp; Non solo moda e lusso sulla rete al femminile: \u00e8 nato\u00a0 &#8220;MammacheClub&#8220;, il nuovo social network riservato esclusivamente alle mamme. Sulle orme di Facebook e MySpace, offre alle mamme un luogo a loro dedicato per [&hellip;]","og_url":"https:\/\/www.filastrocche.it\/contenuti\/dicono-di-noi\/rassegna-stampa-dellanno-2009\/un-social-network-per-le-mamme-in-rete\/","og_site_name":"I testi della tradizione di Filastrocche.it","article_modified_time":"2012-06-11T10:12:09+00:00","og_image":[{"url":"https:\/\/www.filastrocche.it\/immagini\/articoli\/2009\/repubblica_260109_500.jpg","type":"","width":"","height":""}],"twitter_misc":{"Tempo di lettura stimato":"2 minuti"},"schema":{"@context":"https:\/\/schema.org","@graph":[{"@type":"WebPage","@id":"https:\/\/www.filastrocche.it\/contenuti\/dicono-di-noi\/rassegna-stampa-dellanno-2009\/un-social-network-per-le-mamme-in-rete\/","url":"https:\/\/www.filastrocche.it\/contenuti\/dicono-di-noi\/rassegna-stampa-dellanno-2009\/un-social-network-per-le-mamme-in-rete\/","name":"Un social network per le mamme in Rete - I testi della tradizione di Filastrocche.it","isPartOf":{"@id":"https:\/\/www.filastrocche.it\/contenuti\/#website"},"primaryImageOfPage":{"@id":"https:\/\/www.filastrocche.it\/contenuti\/dicono-di-noi\/rassegna-stampa-dellanno-2009\/un-social-network-per-le-mamme-in-rete\/#primaryimage"},"image":{"@id":"https:\/\/www.filastrocche.it\/contenuti\/dicono-di-noi\/rassegna-stampa-dellanno-2009\/un-social-network-per-le-mamme-in-rete\/#primaryimage"},"thumbnailUrl":"https:\/\/www.filastrocche.it\/immagini\/articoli\/2009\/repubblica_260109_500.jpg","datePublished":"2012-06-11T10:10:22+00:00","dateModified":"2012-06-11T10:12:09+00:00","breadcrumb":{"@id":"https:\/\/www.filastrocche.it\/contenuti\/dicono-di-noi\/rassegna-stampa-dellanno-2009\/un-social-network-per-le-mamme-in-rete\/#breadcrumb"},"inLanguage":"it-IT","potentialAction":[{"@type":"ReadAction","target":["https:\/\/www.filastrocche.it\/contenuti\/dicono-di-noi\/rassegna-stampa-dellanno-2009\/un-social-network-per-le-mamme-in-rete\/"]}]},{"@type":"ImageObject","inLanguage":"it-IT","@id":"https:\/\/www.filastrocche.it\/contenuti\/dicono-di-noi\/rassegna-stampa-dellanno-2009\/un-social-network-per-le-mamme-in-rete\/#primaryimage","url":"https:\/\/www.filastrocche.it\/immagini\/articoli\/2009\/repubblica_260109_500.jpg","contentUrl":"https:\/\/www.filastrocche.it\/immagini\/articoli\/2009\/repubblica_260109_500.jpg"},{"@type":"BreadcrumbList","@id":"https:\/\/www.filastrocche.it\/contenuti\/dicono-di-noi\/rassegna-stampa-dellanno-2009\/un-social-network-per-le-mamme-in-rete\/#breadcrumb","itemListElement":[{"@type":"ListItem","position":1,"name":"Home","item":"https:\/\/www.filastrocche.it\/contenuti\/"},{"@type":"ListItem","position":2,"name":"Dicono di noi","item":"https:\/\/www.filastrocche.it\/contenuti\/dicono-di-noi\/"},{"@type":"ListItem","position":3,"name":"Rassegna stampa dell&#8217;anno 2009","item":"https:\/\/www.filastrocche.it\/contenuti\/dicono-di-noi\/rassegna-stampa-dellanno-2009\/"},{"@type":"ListItem","position":4,"name":"Un social network per le mamme in Rete"}]},{"@type":"WebSite","@id":"https:\/\/www.filastrocche.it\/contenuti\/#website","url":"https:\/\/www.filastrocche.it\/contenuti\/","name":"I testi della tradizione di Filastrocche.it","description":"Filastrocche, fiabe, canzoni e...","potentialAction":[{"@type":"SearchAction","target":{"@type":"EntryPoint","urlTemplate":"https:\/\/www.filastrocche.it\/contenuti\/?s={search_term_string}"},"query-input":{"@type":"PropertyValueSpecification","valueRequired":true,"valueName":"search_term_string"}}],"inLanguage":"it-IT"}]}},"_links":{"self":[{"href":"https:\/\/www.filastrocche.it\/contenuti\/wp-json\/wp\/v2\/pages\/52939","targetHints":{"allow":["GET"]}}],"collection":[{"href":"https:\/\/www.filastrocche.it\/contenuti\/wp-json\/wp\/v2\/pages"}],"about":[{"href":"https:\/\/www.filastrocche.it\/contenuti\/wp-json\/wp\/v2\/types\/page"}],"author":[{"embeddable":true,"href":"https:\/\/www.filastrocche.it\/contenuti\/wp-json\/wp\/v2\/users\/17"}],"replies":[{"embeddable":true,"href":"https:\/\/www.filastrocche.it\/contenuti\/wp-json\/wp\/v2\/comments?post=52939"}],"version-history":[{"count":0,"href":"https:\/\/www.filastrocche.it\/contenuti\/wp-json\/wp\/v2\/pages\/52939\/revisions"}],"up":[{"embeddable":true,"href":"https:\/\/www.filastrocche.it\/contenuti\/wp-json\/wp\/v2\/pages\/52429"}],"wp:attachment":[{"href":"https:\/\/www.filastrocche.it\/contenuti\/wp-json\/wp\/v2\/media?parent=52939"}],"curies":[{"name":"wp","href":"https:\/\/api.w.org\/{rel}","templated":true}]}}