{"id":53043,"date":"2012-06-13T08:15:28","date_gmt":"2012-06-13T08:15:28","guid":{"rendered":"https:\/\/www.filastrocche.it\/contenuti\/?page_id=53043"},"modified":"2012-06-13T08:15:42","modified_gmt":"2012-06-13T08:15:42","slug":"tuo-figlio-naviga-metti-un-filtro","status":"publish","type":"page","link":"https:\/\/www.filastrocche.it\/contenuti\/dicono-di-noi\/rassegna-stampa-dellanno-2008\/tuo-figlio-naviga-metti-un-filtro\/","title":{"rendered":"Tuo figlio naviga? Metti un filtro"},"content":{"rendered":"<p><em>Di Patrizia Violi<\/em><br \/>\nda &#8220;Oggi&#8221; &#8211; Numero 45 &#8211; 5 Novembre 2008<strong><\/strong><\/p>\n<p>&nbsp;<\/p>\n<p><img decoding=\"async\" src=\"https:\/\/www.filastrocche.it\/immagini\/articoli\/2008\/oggi_45_081105.jpg\" alt=\"\" border=\"0\" \/><\/p>\n<p>&nbsp;<\/p>\n<p>Oramai anche ai pi\u00f9 piccoli piace la Rete. Ma non tutti i siti sono adatti a loro. Ecco perch\u00e9 \u00e9 utile il &#8220;Parental control&#8221;, che\u00a0 impedisce l&#8217;accesso ai siti pericolosi.<em><br \/>\nL&#8217;articolo (che non pubblichiamo per intero) \u00e8 corredato dalla tabella che riportiamo qui sotto, con la sua didascalia.<\/em><br \/>\n<img decoding=\"async\" src=\"https:\/\/www.filastrocche.it\/immagini\/articoli\/2008\/oggi_45_081105_tabella.jpg\" alt=\"\" border=\"0\" \/><\/p>\n<p><span >Nella tabella qui sopra, gli indirizzi dei sette siti pi\u00f9 &#8220;cliccati&#8221; da bambini e ragazzi. E, visti i contenuti, sono anche i sette pi\u00f9 adatti alla loro et\u00e0.\u00a0<\/span><\/p>\n","protected":false},"excerpt":{"rendered":"<p>Di Patrizia Violi da &#8220;Oggi&#8221; &#8211; Numero 45 &#8211; 5 Novembre 2008 &nbsp; &nbsp; Oramai anche ai pi\u00f9 piccoli piace la Rete. Ma non tutti i siti sono adatti a loro. Ecco perch\u00e9 \u00e9 utile il &#8220;Parental control&#8221;, che\u00a0 impedisce l&#8217;accesso ai siti pericolosi. L&#8217;articolo (che non pubblichiamo per intero) \u00e8 corredato dalla tabella che [&hellip;]<\/p>\n","protected":false},"author":17,"featured_media":0,"parent":52425,"menu_order":0,"comment_status":"open","ping_status":"open","template":"","meta":{"footnotes":""},"class_list":["post-53043","page","type-page","status-publish","hentry"],"yoast_head":"<!-- This site is optimized with the Yoast SEO plugin v26.2 - https:\/\/yoast.com\/wordpress\/plugins\/seo\/ -->\n<title>Tuo figlio naviga? Metti un filtro - I testi della tradizione di Filastrocche.it<\/title>\n<meta name=\"robots\" content=\"index, follow, max-snippet:-1, max-image-preview:large, max-video-preview:-1\" \/>\n<link rel=\"canonical\" href=\"https:\/\/www.filastrocche.it\/contenuti\/dicono-di-noi\/rassegna-stampa-dellanno-2008\/tuo-figlio-naviga-metti-un-filtro\/\" \/>\n<meta property=\"og:locale\" content=\"it_IT\" \/>\n<meta property=\"og:type\" content=\"article\" \/>\n<meta property=\"og:title\" content=\"Tuo figlio naviga? Metti un filtro - I testi della tradizione di Filastrocche.it\" \/>\n<meta property=\"og:description\" content=\"Di Patrizia Violi da &#8220;Oggi&#8221; &#8211; Numero 45 &#8211; 5 Novembre 2008 &nbsp; &nbsp; Oramai anche ai pi\u00f9 piccoli piace la Rete. Ma non tutti i siti sono adatti a loro. Ecco perch\u00e9 \u00e9 utile il &#8220;Parental control&#8221;, che\u00a0 impedisce l&#8217;accesso ai siti pericolosi. L&#8217;articolo (che non pubblichiamo per intero) \u00e8 corredato dalla tabella che [&hellip;]\" \/>\n<meta property=\"og:url\" content=\"https:\/\/www.filastrocche.it\/contenuti\/dicono-di-noi\/rassegna-stampa-dellanno-2008\/tuo-figlio-naviga-metti-un-filtro\/\" \/>\n<meta property=\"og:site_name\" content=\"I testi della tradizione di Filastrocche.it\" \/>\n<meta property=\"article:modified_time\" content=\"2012-06-13T08:15:42+00:00\" \/>\n<meta property=\"og:image\" content=\"https:\/\/www.filastrocche.it\/immagini\/articoli\/2008\/oggi_45_081105.jpg\" \/>\n<!-- \/ Yoast SEO plugin. -->","yoast_head_json":{"title":"Tuo figlio naviga? Metti un filtro - I testi della tradizione di Filastrocche.it","robots":{"index":"index","follow":"follow","max-snippet":"max-snippet:-1","max-image-preview":"max-image-preview:large","max-video-preview":"max-video-preview:-1"},"canonical":"https:\/\/www.filastrocche.it\/contenuti\/dicono-di-noi\/rassegna-stampa-dellanno-2008\/tuo-figlio-naviga-metti-un-filtro\/","og_locale":"it_IT","og_type":"article","og_title":"Tuo figlio naviga? Metti un filtro - I testi della tradizione di Filastrocche.it","og_description":"Di Patrizia Violi da &#8220;Oggi&#8221; &#8211; Numero 45 &#8211; 5 Novembre 2008 &nbsp; &nbsp; Oramai anche ai pi\u00f9 piccoli piace la Rete. Ma non tutti i siti sono adatti a loro. Ecco perch\u00e9 \u00e9 utile il &#8220;Parental control&#8221;, che\u00a0 impedisce l&#8217;accesso ai siti pericolosi. L&#8217;articolo (che non pubblichiamo per intero) \u00e8 corredato dalla tabella che [&hellip;]","og_url":"https:\/\/www.filastrocche.it\/contenuti\/dicono-di-noi\/rassegna-stampa-dellanno-2008\/tuo-figlio-naviga-metti-un-filtro\/","og_site_name":"I testi della tradizione di Filastrocche.it","article_modified_time":"2012-06-13T08:15:42+00:00","og_image":[{"url":"https:\/\/www.filastrocche.it\/immagini\/articoli\/2008\/oggi_45_081105.jpg","type":"","width":"","height":""}],"schema":{"@context":"https:\/\/schema.org","@graph":[{"@type":"WebPage","@id":"https:\/\/www.filastrocche.it\/contenuti\/dicono-di-noi\/rassegna-stampa-dellanno-2008\/tuo-figlio-naviga-metti-un-filtro\/","url":"https:\/\/www.filastrocche.it\/contenuti\/dicono-di-noi\/rassegna-stampa-dellanno-2008\/tuo-figlio-naviga-metti-un-filtro\/","name":"Tuo figlio naviga? Metti un filtro - I testi della tradizione di Filastrocche.it","isPartOf":{"@id":"https:\/\/www.filastrocche.it\/contenuti\/#website"},"primaryImageOfPage":{"@id":"https:\/\/www.filastrocche.it\/contenuti\/dicono-di-noi\/rassegna-stampa-dellanno-2008\/tuo-figlio-naviga-metti-un-filtro\/#primaryimage"},"image":{"@id":"https:\/\/www.filastrocche.it\/contenuti\/dicono-di-noi\/rassegna-stampa-dellanno-2008\/tuo-figlio-naviga-metti-un-filtro\/#primaryimage"},"thumbnailUrl":"https:\/\/www.filastrocche.it\/immagini\/articoli\/2008\/oggi_45_081105.jpg","datePublished":"2012-06-13T08:15:28+00:00","dateModified":"2012-06-13T08:15:42+00:00","breadcrumb":{"@id":"https:\/\/www.filastrocche.it\/contenuti\/dicono-di-noi\/rassegna-stampa-dellanno-2008\/tuo-figlio-naviga-metti-un-filtro\/#breadcrumb"},"inLanguage":"it-IT","potentialAction":[{"@type":"ReadAction","target":["https:\/\/www.filastrocche.it\/contenuti\/dicono-di-noi\/rassegna-stampa-dellanno-2008\/tuo-figlio-naviga-metti-un-filtro\/"]}]},{"@type":"ImageObject","inLanguage":"it-IT","@id":"https:\/\/www.filastrocche.it\/contenuti\/dicono-di-noi\/rassegna-stampa-dellanno-2008\/tuo-figlio-naviga-metti-un-filtro\/#primaryimage","url":"https:\/\/www.filastrocche.it\/immagini\/articoli\/2008\/oggi_45_081105.jpg","contentUrl":"https:\/\/www.filastrocche.it\/immagini\/articoli\/2008\/oggi_45_081105.jpg"},{"@type":"BreadcrumbList","@id":"https:\/\/www.filastrocche.it\/contenuti\/dicono-di-noi\/rassegna-stampa-dellanno-2008\/tuo-figlio-naviga-metti-un-filtro\/#breadcrumb","itemListElement":[{"@type":"ListItem","position":1,"name":"Home","item":"https:\/\/www.filastrocche.it\/contenuti\/"},{"@type":"ListItem","position":2,"name":"Dicono di noi","item":"https:\/\/www.filastrocche.it\/contenuti\/dicono-di-noi\/"},{"@type":"ListItem","position":3,"name":"Rassegna stampa dell&#8217;anno 2008","item":"https:\/\/www.filastrocche.it\/contenuti\/dicono-di-noi\/rassegna-stampa-dellanno-2008\/"},{"@type":"ListItem","position":4,"name":"Tuo figlio naviga? Metti un filtro"}]},{"@type":"WebSite","@id":"https:\/\/www.filastrocche.it\/contenuti\/#website","url":"https:\/\/www.filastrocche.it\/contenuti\/","name":"I testi della tradizione di Filastrocche.it","description":"Filastrocche, fiabe, canzoni e...","potentialAction":[{"@type":"SearchAction","target":{"@type":"EntryPoint","urlTemplate":"https:\/\/www.filastrocche.it\/contenuti\/?s={search_term_string}"},"query-input":{"@type":"PropertyValueSpecification","valueRequired":true,"valueName":"search_term_string"}}],"inLanguage":"it-IT"}]}},"_links":{"self":[{"href":"https:\/\/www.filastrocche.it\/contenuti\/wp-json\/wp\/v2\/pages\/53043","targetHints":{"allow":["GET"]}}],"collection":[{"href":"https:\/\/www.filastrocche.it\/contenuti\/wp-json\/wp\/v2\/pages"}],"about":[{"href":"https:\/\/www.filastrocche.it\/contenuti\/wp-json\/wp\/v2\/types\/page"}],"author":[{"embeddable":true,"href":"https:\/\/www.filastrocche.it\/contenuti\/wp-json\/wp\/v2\/users\/17"}],"replies":[{"embeddable":true,"href":"https:\/\/www.filastrocche.it\/contenuti\/wp-json\/wp\/v2\/comments?post=53043"}],"version-history":[{"count":0,"href":"https:\/\/www.filastrocche.it\/contenuti\/wp-json\/wp\/v2\/pages\/53043\/revisions"}],"up":[{"embeddable":true,"href":"https:\/\/www.filastrocche.it\/contenuti\/wp-json\/wp\/v2\/pages\/52425"}],"wp:attachment":[{"href":"https:\/\/www.filastrocche.it\/contenuti\/wp-json\/wp\/v2\/media?parent=53043"}],"curies":[{"name":"wp","href":"https:\/\/api.w.org\/{rel}","templated":true}]}}