{"id":53091,"date":"2012-06-13T08:30:11","date_gmt":"2012-06-13T08:30:11","guid":{"rendered":"https:\/\/www.filastrocche.it\/contenuti\/?page_id=53091"},"modified":"2012-06-13T08:30:54","modified_gmt":"2012-06-13T08:30:54","slug":"curiosita","status":"publish","type":"page","link":"https:\/\/www.filastrocche.it\/contenuti\/dicono-di-noi\/rassegna-stampa-dellanno-2008\/curiosita\/","title":{"rendered":"Curiosit\u00e0"},"content":{"rendered":"<p>Dal sito &#8220;ForKids.it&#8221;<br \/>\n(testata registrata presso il Tribunale di Milano N\u00b0 registrazione 468 del 11\/07\/2006) &#8211;\u00a02 Febbraio 2008<\/p>\n<p>&nbsp;<\/p>\n<p>FILASTROCCHE IN TV Il celebre sito dedicato ai bambini e ai genitori Filastrocche.it ha lanciato ora un nuovo canale televisivo con programmazione on demand. Al momento sono tre i programmi gi\u00e0 disponibili: Creiamo con Filastrocche.it; Gli speciali di Filastrocche.it dedicata alle festivit\u00e0 come lo Speciale Carnevale ora disponibile e Tiv\u00e0, Tiv\u00f9, un progetto di programmazione televisiva realizzato da Giovanni Caveziel nell\u2019ambito dei laboratori didattici della facolt\u00e0 di Lettere dell\u2019Universit\u00e0 di Catania.<\/p>\n","protected":false},"excerpt":{"rendered":"<p>Dal sito &#8220;ForKids.it&#8221; (testata registrata presso il Tribunale di Milano N\u00b0 registrazione 468 del 11\/07\/2006) &#8211;\u00a02 Febbraio 2008 &nbsp; FILASTROCCHE IN TV Il celebre sito dedicato ai bambini e ai genitori Filastrocche.it ha lanciato ora un nuovo canale televisivo con programmazione on demand. Al momento sono tre i programmi gi\u00e0 disponibili: Creiamo con Filastrocche.it; Gli [&hellip;]<\/p>\n","protected":false},"author":17,"featured_media":0,"parent":52425,"menu_order":0,"comment_status":"open","ping_status":"open","template":"","meta":{"footnotes":""},"class_list":["post-53091","page","type-page","status-publish","hentry"],"yoast_head":"<!-- This site is optimized with the Yoast SEO plugin v26.2 - https:\/\/yoast.com\/wordpress\/plugins\/seo\/ -->\n<title>Curiosit\u00e0 - I testi della tradizione di Filastrocche.it<\/title>\n<meta name=\"robots\" content=\"index, follow, max-snippet:-1, max-image-preview:large, max-video-preview:-1\" \/>\n<link rel=\"canonical\" href=\"https:\/\/www.filastrocche.it\/contenuti\/dicono-di-noi\/rassegna-stampa-dellanno-2008\/curiosita\/\" \/>\n<meta property=\"og:locale\" content=\"it_IT\" \/>\n<meta property=\"og:type\" content=\"article\" \/>\n<meta property=\"og:title\" content=\"Curiosit\u00e0 - I testi della tradizione di Filastrocche.it\" \/>\n<meta property=\"og:description\" content=\"Dal sito &#8220;ForKids.it&#8221; (testata registrata presso il Tribunale di Milano N\u00b0 registrazione 468 del 11\/07\/2006) &#8211;\u00a02 Febbraio 2008 &nbsp; FILASTROCCHE IN TV Il celebre sito dedicato ai bambini e ai genitori Filastrocche.it ha lanciato ora un nuovo canale televisivo con programmazione on demand. Al momento sono tre i programmi gi\u00e0 disponibili: Creiamo con Filastrocche.it; Gli [&hellip;]\" \/>\n<meta property=\"og:url\" content=\"https:\/\/www.filastrocche.it\/contenuti\/dicono-di-noi\/rassegna-stampa-dellanno-2008\/curiosita\/\" \/>\n<meta property=\"og:site_name\" content=\"I testi della tradizione di Filastrocche.it\" \/>\n<meta property=\"article:modified_time\" content=\"2012-06-13T08:30:54+00:00\" \/>\n<!-- \/ Yoast SEO plugin. -->","yoast_head_json":{"title":"Curiosit\u00e0 - I testi della tradizione di Filastrocche.it","robots":{"index":"index","follow":"follow","max-snippet":"max-snippet:-1","max-image-preview":"max-image-preview:large","max-video-preview":"max-video-preview:-1"},"canonical":"https:\/\/www.filastrocche.it\/contenuti\/dicono-di-noi\/rassegna-stampa-dellanno-2008\/curiosita\/","og_locale":"it_IT","og_type":"article","og_title":"Curiosit\u00e0 - I testi della tradizione di Filastrocche.it","og_description":"Dal sito &#8220;ForKids.it&#8221; (testata registrata presso il Tribunale di Milano N\u00b0 registrazione 468 del 11\/07\/2006) &#8211;\u00a02 Febbraio 2008 &nbsp; FILASTROCCHE IN TV Il celebre sito dedicato ai bambini e ai genitori Filastrocche.it ha lanciato ora un nuovo canale televisivo con programmazione on demand. Al momento sono tre i programmi gi\u00e0 disponibili: Creiamo con Filastrocche.it; Gli [&hellip;]","og_url":"https:\/\/www.filastrocche.it\/contenuti\/dicono-di-noi\/rassegna-stampa-dellanno-2008\/curiosita\/","og_site_name":"I testi della tradizione di Filastrocche.it","article_modified_time":"2012-06-13T08:30:54+00:00","schema":{"@context":"https:\/\/schema.org","@graph":[{"@type":"WebPage","@id":"https:\/\/www.filastrocche.it\/contenuti\/dicono-di-noi\/rassegna-stampa-dellanno-2008\/curiosita\/","url":"https:\/\/www.filastrocche.it\/contenuti\/dicono-di-noi\/rassegna-stampa-dellanno-2008\/curiosita\/","name":"Curiosit\u00e0 - I testi della tradizione di Filastrocche.it","isPartOf":{"@id":"https:\/\/www.filastrocche.it\/contenuti\/#website"},"datePublished":"2012-06-13T08:30:11+00:00","dateModified":"2012-06-13T08:30:54+00:00","breadcrumb":{"@id":"https:\/\/www.filastrocche.it\/contenuti\/dicono-di-noi\/rassegna-stampa-dellanno-2008\/curiosita\/#breadcrumb"},"inLanguage":"it-IT","potentialAction":[{"@type":"ReadAction","target":["https:\/\/www.filastrocche.it\/contenuti\/dicono-di-noi\/rassegna-stampa-dellanno-2008\/curiosita\/"]}]},{"@type":"BreadcrumbList","@id":"https:\/\/www.filastrocche.it\/contenuti\/dicono-di-noi\/rassegna-stampa-dellanno-2008\/curiosita\/#breadcrumb","itemListElement":[{"@type":"ListItem","position":1,"name":"Home","item":"https:\/\/www.filastrocche.it\/contenuti\/"},{"@type":"ListItem","position":2,"name":"Dicono di noi","item":"https:\/\/www.filastrocche.it\/contenuti\/dicono-di-noi\/"},{"@type":"ListItem","position":3,"name":"Rassegna stampa dell&#8217;anno 2008","item":"https:\/\/www.filastrocche.it\/contenuti\/dicono-di-noi\/rassegna-stampa-dellanno-2008\/"},{"@type":"ListItem","position":4,"name":"Curiosit\u00e0"}]},{"@type":"WebSite","@id":"https:\/\/www.filastrocche.it\/contenuti\/#website","url":"https:\/\/www.filastrocche.it\/contenuti\/","name":"I testi della tradizione di Filastrocche.it","description":"Filastrocche, fiabe, canzoni e...","potentialAction":[{"@type":"SearchAction","target":{"@type":"EntryPoint","urlTemplate":"https:\/\/www.filastrocche.it\/contenuti\/?s={search_term_string}"},"query-input":{"@type":"PropertyValueSpecification","valueRequired":true,"valueName":"search_term_string"}}],"inLanguage":"it-IT"}]}},"_links":{"self":[{"href":"https:\/\/www.filastrocche.it\/contenuti\/wp-json\/wp\/v2\/pages\/53091","targetHints":{"allow":["GET"]}}],"collection":[{"href":"https:\/\/www.filastrocche.it\/contenuti\/wp-json\/wp\/v2\/pages"}],"about":[{"href":"https:\/\/www.filastrocche.it\/contenuti\/wp-json\/wp\/v2\/types\/page"}],"author":[{"embeddable":true,"href":"https:\/\/www.filastrocche.it\/contenuti\/wp-json\/wp\/v2\/users\/17"}],"replies":[{"embeddable":true,"href":"https:\/\/www.filastrocche.it\/contenuti\/wp-json\/wp\/v2\/comments?post=53091"}],"version-history":[{"count":0,"href":"https:\/\/www.filastrocche.it\/contenuti\/wp-json\/wp\/v2\/pages\/53091\/revisions"}],"up":[{"embeddable":true,"href":"https:\/\/www.filastrocche.it\/contenuti\/wp-json\/wp\/v2\/pages\/52425"}],"wp:attachment":[{"href":"https:\/\/www.filastrocche.it\/contenuti\/wp-json\/wp\/v2\/media?parent=53091"}],"curies":[{"name":"wp","href":"https:\/\/api.w.org\/{rel}","templated":true}]}}