{"id":53175,"date":"2012-06-13T09:26:59","date_gmt":"2012-06-13T09:26:59","guid":{"rendered":"https:\/\/www.filastrocche.it\/contenuti\/?page_id=53175"},"modified":"2012-06-13T09:29:12","modified_gmt":"2012-06-13T09:29:12","slug":"una-filastrocca-per-ritornare-bambini","status":"publish","type":"page","link":"https:\/\/www.filastrocche.it\/contenuti\/dicono-di-noi\/rassegna-stampa-dellanno-2006\/una-filastrocca-per-ritornare-bambini\/","title":{"rendered":"Una filastrocca per ritornare bambini"},"content":{"rendered":"<p>Viaggio nel mondo delle parole che diventano gioco fra curiosit\u00e0, piccole meraviglie e dolci ninne nanne.<br \/>\n<strong>Una filastrocca per ritornare bambini<br \/>\n<\/strong>In italiano, in dialetto, in altre lingue, celebri e ignote. E c&#8217;\u00e8 chi cerca quelle della nonna.<\/p>\n<p>&nbsp;<\/p>\n<p><em>di Stefania Mordeglia<\/em><br \/>\nDa &#8220;<a href=\"http:\/\/www.ilsecoloxix.it\/\" target=\"_blank\">Il Secolo XIX<\/a>&#8221;<br \/>\n&#8211; Marted\u00ec 14 febbraio 2006<strong><br \/>\n<\/strong><\/p>\n<p>&nbsp;<\/p>\n<p>Barzellette, canzoni, fiabe, giochi, indovinelli. Passatempi, poesie, ricette, scioglilingua. Ma sopratutto filastrocche. Come il cilindro di un prestigiatore, il sito www.filastrocche.it regala meraviglie. Una colorata catenella di casette traballanti, chiesette e alberelli, nella <em>home page<\/em>, d\u00e0 il benvenuto a grandi e piccini. Il sito, aggiornato quotidianamente, offre un mare di curiosit\u00e0, dedicate ai\u00a0 bambini, agli adulti, agli artisti in erba. D\u00e0 anche la possibilit\u00e0 di acquistare libri e oggetti. Ci sono le foto della settimana che\u00a0 ritraggono sorridenti beb\u00e8 paffuti, giocherelloni o mascherati; il libro della settimana &#8211; &#8220;La storia di Pik Badaluk&#8221; (EL) &#8211; e la\u00a0 filastrocca del giorno: &#8220;Veneziani gran signori \/ Padovani gran dottori \/ Visentini magna gati \/ Veronesi tuti mati \/ Udinesi castelani\u00a0 \/ col cognome de Furlani&#8230;&#8221;. Un capitolo \u00e8 dedicato alla storia e alle origini di filastrocche, ninne nanne, indovinelli e\u00a0 scioglilingua. Sapevate che la parola filastrocca deriva dal termine popolare toscano &#8220;filastroccola&#8221; che accomuna canzonette e\u00a0 formule cadenzate (dialogate, interrogative, narrative) recitate dai fanciulli o dagli adulti per divertire i pi\u00f9 piccoli? La ninna nanna,\u00a0 invece, \u00e8 una cantilena utilizzata per addormentare i bambini, diffusa tra tutti i popoli della terra. Lo scioglilingua, poi, pu\u00f2 servire\u00a0 come esercizio glottico, per vincere difficolt\u00e0 di pronuncia, oppure per imbarazzare e indurre a sbagliare. Non c&#8217;\u00e8 che da sbizzarrirsi\u00a0 tra le filastrocche da leggere. Sono centinaia: d&#8217;autore, di poeti in erba, dialettali, tradizionali, varie e straniere. Ampio\u00a0 lo spazio &#8220;Per chi ha buona memoria&#8221;, nel quale vengono raccolti gli appelli di chi ha scritto chiedendo notizie di vecchie filastrocche, conte o canzoni. Da Giorgia, alla ricerca del testo di una vecchia filastrocca che le cantava la nonna e iniziava con &#8220;il\u00a0 pollice \u00e8 grassotto \/ e sembra un signorotto; \/ l&#8217;indice \u00e8 una lancetta \/ e segna l&#8217;ora in fretta&#8221;, a Cristina che cerca il testo di una ninna nanna francese che parla di una pastorella addormentata all&#8217;ombra di un albero. Fra gli oggetti che si possono acquistare ci sono &#8220;borse divertenti per mamme sorridenti&#8221;, in mezzo alle quali campeggia l&#8217;immagine del Signor Bonaventura, calendari (tradizionali, illustrati, stagionali), simpatici libretti con CD allegato e poi tante, tantissime filastrocche. Fra la musica rivolta ai\u00a0 bambini, \u00e8 presente una vasta scelta di album e artisti. E ancora. la Redazione di Filastrocche.it propone un elenco di siti interessanti\u00a0 di letture per l&#8217;infanzia, cartoni animati, viaggi, natura. Un trionfo le proposte di ricette, capaci di far felici il bambino pi\u00f9 goloso e il pi\u00f9 smorfiosetto.<\/p>\n<p>&nbsp;<\/p>\n<p><strong><em>Gli speciali<\/em><\/strong><\/p>\n<p>&nbsp;<\/p>\n<p>Cuoricini, maschere e ricette<\/p>\n<p>Fra gli speciali di questo periodo sul sito www.filastrocche.it c&#8217;\u00e8 di tutto e di pi\u00f9 sul Carnevale, la festa pi\u00f9 pazza dell&#8217;anno: dalle\u00a0 origini alle tradizioni, dalla storia delle maschere alla nascita del coriandolo. E poi ricette variopinte, passatempi, consigli su come costruire maschere strabilianti e, ovviamente, filastrocche. Ampio anche il repertorio sulla festa degli innamorati: rivolto agli\u00a0 adolescenti, contiene innanzitutto informazioni storiche su San Valentino, con un capitoletto a parte dedicato ai &#8220;Lupercali&#8221;,\u00a0 festivit\u00e0 in onore del Dio Lupercolo che, nell&#8217;antica Roma, ricorreva il 15 febbraio e che scomparve con l&#8217;arrivo della festa di San\u00a0 Valentino. I Lupercoli si svolgevano nei pressi del colle Palatino, nella grotta dove, secondo la leggenda, la famosa lupa allatt\u00f2\u00a0 Romolo e Remo. Il sito offre anche la possibilit\u00e0 di costruire biglietti di auguri, decori speciali per una persona speciale, indicazioni<br \/>\nsu come scrivere una lettera infallibile. Divertenti le poesie dedicate al santo patrono degli innamorati: &#8220;Amore = Dieta&#8221;: &#8220;Di mattina\u00a0 non mangio perch\u00e9 penso a te \/ a mezzogiorno non mangio perch\u00e9 penso a te \/ di sera non mangio perch\u00e9 penso a te \/ di notte non dormo perch\u00e9 ho fame&#8221;.<\/p>\n","protected":false},"excerpt":{"rendered":"<p>Viaggio nel mondo delle parole che diventano gioco fra curiosit\u00e0, piccole meraviglie e dolci ninne nanne. Una filastrocca per ritornare bambini In italiano, in dialetto, in altre lingue, celebri e ignote. E c&#8217;\u00e8 chi cerca quelle della nonna. &nbsp; di Stefania Mordeglia Da &#8220;Il Secolo XIX&#8221; &#8211; Marted\u00ec 14 febbraio 2006 &nbsp; Barzellette, canzoni, fiabe, [&hellip;]<\/p>\n","protected":false},"author":17,"featured_media":0,"parent":52417,"menu_order":0,"comment_status":"open","ping_status":"open","template":"","meta":{"footnotes":""},"class_list":["post-53175","page","type-page","status-publish","hentry"],"yoast_head":"<!-- This site is optimized with the Yoast SEO plugin v26.2 - https:\/\/yoast.com\/wordpress\/plugins\/seo\/ -->\n<title>Una filastrocca per ritornare bambini - I testi della tradizione di Filastrocche.it<\/title>\n<meta name=\"robots\" content=\"index, follow, max-snippet:-1, max-image-preview:large, max-video-preview:-1\" \/>\n<link rel=\"canonical\" href=\"https:\/\/www.filastrocche.it\/contenuti\/dicono-di-noi\/rassegna-stampa-dellanno-2006\/una-filastrocca-per-ritornare-bambini\/\" \/>\n<meta property=\"og:locale\" content=\"it_IT\" \/>\n<meta property=\"og:type\" content=\"article\" \/>\n<meta property=\"og:title\" content=\"Una filastrocca per ritornare bambini - I testi della tradizione di Filastrocche.it\" \/>\n<meta property=\"og:description\" content=\"Viaggio nel mondo delle parole che diventano gioco fra curiosit\u00e0, piccole meraviglie e dolci ninne nanne. Una filastrocca per ritornare bambini In italiano, in dialetto, in altre lingue, celebri e ignote. E c&#8217;\u00e8 chi cerca quelle della nonna. &nbsp; di Stefania Mordeglia Da &#8220;Il Secolo XIX&#8221; &#8211; Marted\u00ec 14 febbraio 2006 &nbsp; Barzellette, canzoni, fiabe, [&hellip;]\" \/>\n<meta property=\"og:url\" content=\"https:\/\/www.filastrocche.it\/contenuti\/dicono-di-noi\/rassegna-stampa-dellanno-2006\/una-filastrocca-per-ritornare-bambini\/\" \/>\n<meta property=\"og:site_name\" content=\"I testi della tradizione di Filastrocche.it\" \/>\n<meta property=\"article:modified_time\" content=\"2012-06-13T09:29:12+00:00\" \/>\n<meta name=\"twitter:label1\" content=\"Tempo di lettura stimato\" \/>\n\t<meta name=\"twitter:data1\" content=\"3 minuti\" \/>\n<!-- \/ Yoast SEO plugin. -->","yoast_head_json":{"title":"Una filastrocca per ritornare bambini - I testi della tradizione di Filastrocche.it","robots":{"index":"index","follow":"follow","max-snippet":"max-snippet:-1","max-image-preview":"max-image-preview:large","max-video-preview":"max-video-preview:-1"},"canonical":"https:\/\/www.filastrocche.it\/contenuti\/dicono-di-noi\/rassegna-stampa-dellanno-2006\/una-filastrocca-per-ritornare-bambini\/","og_locale":"it_IT","og_type":"article","og_title":"Una filastrocca per ritornare bambini - I testi della tradizione di Filastrocche.it","og_description":"Viaggio nel mondo delle parole che diventano gioco fra curiosit\u00e0, piccole meraviglie e dolci ninne nanne. Una filastrocca per ritornare bambini In italiano, in dialetto, in altre lingue, celebri e ignote. E c&#8217;\u00e8 chi cerca quelle della nonna. &nbsp; di Stefania Mordeglia Da &#8220;Il Secolo XIX&#8221; &#8211; Marted\u00ec 14 febbraio 2006 &nbsp; Barzellette, canzoni, fiabe, [&hellip;]","og_url":"https:\/\/www.filastrocche.it\/contenuti\/dicono-di-noi\/rassegna-stampa-dellanno-2006\/una-filastrocca-per-ritornare-bambini\/","og_site_name":"I testi della tradizione di Filastrocche.it","article_modified_time":"2012-06-13T09:29:12+00:00","twitter_misc":{"Tempo di lettura stimato":"3 minuti"},"schema":{"@context":"https:\/\/schema.org","@graph":[{"@type":"WebPage","@id":"https:\/\/www.filastrocche.it\/contenuti\/dicono-di-noi\/rassegna-stampa-dellanno-2006\/una-filastrocca-per-ritornare-bambini\/","url":"https:\/\/www.filastrocche.it\/contenuti\/dicono-di-noi\/rassegna-stampa-dellanno-2006\/una-filastrocca-per-ritornare-bambini\/","name":"Una filastrocca per ritornare bambini - I testi della tradizione di Filastrocche.it","isPartOf":{"@id":"https:\/\/www.filastrocche.it\/contenuti\/#website"},"datePublished":"2012-06-13T09:26:59+00:00","dateModified":"2012-06-13T09:29:12+00:00","breadcrumb":{"@id":"https:\/\/www.filastrocche.it\/contenuti\/dicono-di-noi\/rassegna-stampa-dellanno-2006\/una-filastrocca-per-ritornare-bambini\/#breadcrumb"},"inLanguage":"it-IT","potentialAction":[{"@type":"ReadAction","target":["https:\/\/www.filastrocche.it\/contenuti\/dicono-di-noi\/rassegna-stampa-dellanno-2006\/una-filastrocca-per-ritornare-bambini\/"]}]},{"@type":"BreadcrumbList","@id":"https:\/\/www.filastrocche.it\/contenuti\/dicono-di-noi\/rassegna-stampa-dellanno-2006\/una-filastrocca-per-ritornare-bambini\/#breadcrumb","itemListElement":[{"@type":"ListItem","position":1,"name":"Home","item":"https:\/\/www.filastrocche.it\/contenuti\/"},{"@type":"ListItem","position":2,"name":"Dicono di noi","item":"https:\/\/www.filastrocche.it\/contenuti\/dicono-di-noi\/"},{"@type":"ListItem","position":3,"name":"Rassegna stampa dell&#8217;anno 2006","item":"https:\/\/www.filastrocche.it\/contenuti\/dicono-di-noi\/rassegna-stampa-dellanno-2006\/"},{"@type":"ListItem","position":4,"name":"Una filastrocca per ritornare bambini"}]},{"@type":"WebSite","@id":"https:\/\/www.filastrocche.it\/contenuti\/#website","url":"https:\/\/www.filastrocche.it\/contenuti\/","name":"I testi della tradizione di Filastrocche.it","description":"Filastrocche, fiabe, canzoni e...","potentialAction":[{"@type":"SearchAction","target":{"@type":"EntryPoint","urlTemplate":"https:\/\/www.filastrocche.it\/contenuti\/?s={search_term_string}"},"query-input":{"@type":"PropertyValueSpecification","valueRequired":true,"valueName":"search_term_string"}}],"inLanguage":"it-IT"}]}},"_links":{"self":[{"href":"https:\/\/www.filastrocche.it\/contenuti\/wp-json\/wp\/v2\/pages\/53175","targetHints":{"allow":["GET"]}}],"collection":[{"href":"https:\/\/www.filastrocche.it\/contenuti\/wp-json\/wp\/v2\/pages"}],"about":[{"href":"https:\/\/www.filastrocche.it\/contenuti\/wp-json\/wp\/v2\/types\/page"}],"author":[{"embeddable":true,"href":"https:\/\/www.filastrocche.it\/contenuti\/wp-json\/wp\/v2\/users\/17"}],"replies":[{"embeddable":true,"href":"https:\/\/www.filastrocche.it\/contenuti\/wp-json\/wp\/v2\/comments?post=53175"}],"version-history":[{"count":0,"href":"https:\/\/www.filastrocche.it\/contenuti\/wp-json\/wp\/v2\/pages\/53175\/revisions"}],"up":[{"embeddable":true,"href":"https:\/\/www.filastrocche.it\/contenuti\/wp-json\/wp\/v2\/pages\/52417"}],"wp:attachment":[{"href":"https:\/\/www.filastrocche.it\/contenuti\/wp-json\/wp\/v2\/media?parent=53175"}],"curies":[{"name":"wp","href":"https:\/\/api.w.org\/{rel}","templated":true}]}}