{"id":53589,"date":"2012-06-14T13:05:40","date_gmt":"2012-06-14T13:05:40","guid":{"rendered":"https:\/\/www.filastrocche.it\/contenuti\/?page_id=53589"},"modified":"2012-06-14T13:05:40","modified_gmt":"2012-06-14T13:05:40","slug":"consigli-per-la-mente","status":"publish","type":"page","link":"https:\/\/www.filastrocche.it\/contenuti\/dicono-di-noi\/rassegna-stampa-dellanno-2001\/consigli-per-la-mente\/","title":{"rendered":"Consigli per la mente"},"content":{"rendered":"<p><span >Qual \u00e8 la vera et\u00e0 del tuo corpo<\/span><span ><br \/>\nConsigli per la mente<\/span><span><strong><span ><br \/>\n<\/span><br \/>\n<\/strong>Da<\/span><span > &#8220;<a href=\"http:\/\/www.mondadori.com\/donnainforma\/\" target=\"_blank\"><strong>Donna in forma<\/strong><\/a>&#8220;<\/span> &#8211; Supplemento a <a href=\"http:\/\/www.mondadori.com\/donnamoderna\/\" target=\"_blank\"><strong>&#8220;Donna Moderna&#8221;<\/strong><\/a> n. 47 &#8211; 21 Novembre 2001<\/p>\n<p>&nbsp;<\/p>\n<p>&#8230;<br \/>\nSe dopo questi test vi sentite un po\u2019 gi\u00f9 di corda perch\u00e9 il vostro corpo \u00e8 rigido e legnoso pi\u00f9 di quanto dovrebbe, non vi resta che fare un tuffo nell\u2019infanzia e togliervi di dosso, almeno psicologicamente, qualche anno. Come riuscirci? Cliccate sul sito <a href=\"https:\/\/www.filastrocche.it. \">www.filastrocche.it. <\/a>Troverete circa 7.000 tra filastrocche, conte, indovinelli, fiabe, ninne nanne, proverbi, scioglilingua, poesie. Da ripetere e canticchiare da sole o col partner.<\/p>\n","protected":false},"excerpt":{"rendered":"<p>Qual \u00e8 la vera et\u00e0 del tuo corpo Consigli per la mente Da &#8220;Donna in forma&#8220; &#8211; Supplemento a &#8220;Donna Moderna&#8221; n. 47 &#8211; 21 Novembre 2001 &nbsp; &#8230; Se dopo questi test vi sentite un po\u2019 gi\u00f9 di corda perch\u00e9 il vostro corpo \u00e8 rigido e legnoso pi\u00f9 di quanto dovrebbe, non vi resta [&hellip;]<\/p>\n","protected":false},"author":17,"featured_media":0,"parent":52397,"menu_order":0,"comment_status":"open","ping_status":"open","template":"","meta":{"footnotes":""},"class_list":["post-53589","page","type-page","status-publish","hentry"],"yoast_head":"<!-- This site is optimized with the Yoast SEO plugin v26.2 - https:\/\/yoast.com\/wordpress\/plugins\/seo\/ -->\n<title>Consigli per la mente - I testi della tradizione di Filastrocche.it<\/title>\n<meta name=\"robots\" content=\"index, follow, max-snippet:-1, max-image-preview:large, max-video-preview:-1\" \/>\n<link rel=\"canonical\" href=\"https:\/\/www.filastrocche.it\/contenuti\/dicono-di-noi\/rassegna-stampa-dellanno-2001\/consigli-per-la-mente\/\" \/>\n<meta property=\"og:locale\" content=\"it_IT\" \/>\n<meta property=\"og:type\" content=\"article\" \/>\n<meta property=\"og:title\" content=\"Consigli per la mente - I testi della tradizione di Filastrocche.it\" \/>\n<meta property=\"og:description\" content=\"Qual \u00e8 la vera et\u00e0 del tuo corpo Consigli per la mente Da &#8220;Donna in forma&#8220; &#8211; Supplemento a &#8220;Donna Moderna&#8221; n. 47 &#8211; 21 Novembre 2001 &nbsp; &#8230; Se dopo questi test vi sentite un po\u2019 gi\u00f9 di corda perch\u00e9 il vostro corpo \u00e8 rigido e legnoso pi\u00f9 di quanto dovrebbe, non vi resta [&hellip;]\" \/>\n<meta property=\"og:url\" content=\"https:\/\/www.filastrocche.it\/contenuti\/dicono-di-noi\/rassegna-stampa-dellanno-2001\/consigli-per-la-mente\/\" \/>\n<meta property=\"og:site_name\" content=\"I testi della tradizione di Filastrocche.it\" \/>\n<!-- \/ Yoast SEO plugin. -->","yoast_head_json":{"title":"Consigli per la mente - I testi della tradizione di Filastrocche.it","robots":{"index":"index","follow":"follow","max-snippet":"max-snippet:-1","max-image-preview":"max-image-preview:large","max-video-preview":"max-video-preview:-1"},"canonical":"https:\/\/www.filastrocche.it\/contenuti\/dicono-di-noi\/rassegna-stampa-dellanno-2001\/consigli-per-la-mente\/","og_locale":"it_IT","og_type":"article","og_title":"Consigli per la mente - I testi della tradizione di Filastrocche.it","og_description":"Qual \u00e8 la vera et\u00e0 del tuo corpo Consigli per la mente Da &#8220;Donna in forma&#8220; &#8211; Supplemento a &#8220;Donna Moderna&#8221; n. 47 &#8211; 21 Novembre 2001 &nbsp; &#8230; Se dopo questi test vi sentite un po\u2019 gi\u00f9 di corda perch\u00e9 il vostro corpo \u00e8 rigido e legnoso pi\u00f9 di quanto dovrebbe, non vi resta [&hellip;]","og_url":"https:\/\/www.filastrocche.it\/contenuti\/dicono-di-noi\/rassegna-stampa-dellanno-2001\/consigli-per-la-mente\/","og_site_name":"I testi della tradizione di Filastrocche.it","schema":{"@context":"https:\/\/schema.org","@graph":[{"@type":"WebPage","@id":"https:\/\/www.filastrocche.it\/contenuti\/dicono-di-noi\/rassegna-stampa-dellanno-2001\/consigli-per-la-mente\/","url":"https:\/\/www.filastrocche.it\/contenuti\/dicono-di-noi\/rassegna-stampa-dellanno-2001\/consigli-per-la-mente\/","name":"Consigli per la mente - I testi della tradizione di Filastrocche.it","isPartOf":{"@id":"https:\/\/www.filastrocche.it\/contenuti\/#website"},"datePublished":"2012-06-14T13:05:40+00:00","breadcrumb":{"@id":"https:\/\/www.filastrocche.it\/contenuti\/dicono-di-noi\/rassegna-stampa-dellanno-2001\/consigli-per-la-mente\/#breadcrumb"},"inLanguage":"it-IT","potentialAction":[{"@type":"ReadAction","target":["https:\/\/www.filastrocche.it\/contenuti\/dicono-di-noi\/rassegna-stampa-dellanno-2001\/consigli-per-la-mente\/"]}]},{"@type":"BreadcrumbList","@id":"https:\/\/www.filastrocche.it\/contenuti\/dicono-di-noi\/rassegna-stampa-dellanno-2001\/consigli-per-la-mente\/#breadcrumb","itemListElement":[{"@type":"ListItem","position":1,"name":"Home","item":"https:\/\/www.filastrocche.it\/contenuti\/"},{"@type":"ListItem","position":2,"name":"Dicono di noi","item":"https:\/\/www.filastrocche.it\/contenuti\/dicono-di-noi\/"},{"@type":"ListItem","position":3,"name":"Rassegna stampa dell&#8217;anno 2001","item":"https:\/\/www.filastrocche.it\/contenuti\/dicono-di-noi\/rassegna-stampa-dellanno-2001\/"},{"@type":"ListItem","position":4,"name":"Consigli per la mente"}]},{"@type":"WebSite","@id":"https:\/\/www.filastrocche.it\/contenuti\/#website","url":"https:\/\/www.filastrocche.it\/contenuti\/","name":"I testi della tradizione di Filastrocche.it","description":"Filastrocche, fiabe, canzoni e...","potentialAction":[{"@type":"SearchAction","target":{"@type":"EntryPoint","urlTemplate":"https:\/\/www.filastrocche.it\/contenuti\/?s={search_term_string}"},"query-input":{"@type":"PropertyValueSpecification","valueRequired":true,"valueName":"search_term_string"}}],"inLanguage":"it-IT"}]}},"_links":{"self":[{"href":"https:\/\/www.filastrocche.it\/contenuti\/wp-json\/wp\/v2\/pages\/53589","targetHints":{"allow":["GET"]}}],"collection":[{"href":"https:\/\/www.filastrocche.it\/contenuti\/wp-json\/wp\/v2\/pages"}],"about":[{"href":"https:\/\/www.filastrocche.it\/contenuti\/wp-json\/wp\/v2\/types\/page"}],"author":[{"embeddable":true,"href":"https:\/\/www.filastrocche.it\/contenuti\/wp-json\/wp\/v2\/users\/17"}],"replies":[{"embeddable":true,"href":"https:\/\/www.filastrocche.it\/contenuti\/wp-json\/wp\/v2\/comments?post=53589"}],"version-history":[{"count":0,"href":"https:\/\/www.filastrocche.it\/contenuti\/wp-json\/wp\/v2\/pages\/53589\/revisions"}],"up":[{"embeddable":true,"href":"https:\/\/www.filastrocche.it\/contenuti\/wp-json\/wp\/v2\/pages\/52397"}],"wp:attachment":[{"href":"https:\/\/www.filastrocche.it\/contenuti\/wp-json\/wp\/v2\/media?parent=53589"}],"curies":[{"name":"wp","href":"https:\/\/api.w.org\/{rel}","templated":true}]}}