{"id":53599,"date":"2012-06-14T13:08:01","date_gmt":"2012-06-14T13:08:01","guid":{"rendered":"https:\/\/www.filastrocche.it\/contenuti\/?page_id=53599"},"modified":"2012-06-14T13:08:01","modified_gmt":"2012-06-14T13:08:01","slug":"www-filastrocche-it","status":"publish","type":"page","link":"https:\/\/www.filastrocche.it\/contenuti\/dicono-di-noi\/rassegna-stampa-dellanno-2001\/www-filastrocche-it\/","title":{"rendered":"www.filastrocche.it"},"content":{"rendered":"<p>Da &#8220;<strong><span >Sette<\/span><\/strong>&#8221; supplemento del &#8220;<a href=\"http:\/\/www.corriere.it\/\" target=\"_blank\"><span ><strong>Corriere della sera<\/strong><\/span><\/a>&#8220;- Numero 43 &#8211; 25 ottobre 2001<\/p>\n<p>&nbsp;<\/p>\n<p>Quasi 7000 testi tra filastrocche, ninna nanne, scioglilingua, canzoni, proverbi, indovinelli, fiabe, poesie in italiano, ma anche inglese, francese, spagnolo, svedese, tedesco, olandese. Tutti dedicati ai bambini. Dopo un anno e mezzo di vita on line, il sito si \u00e8 rinnovato nella grafica e nei servizi: adesso \u00e8 \u00e8 possibile cercare e navigare nei ricordi d&#8217;infanzia partendo da una parola o da una strofa. Nell&#8217;archivio sono raccolti anche pi\u00f9 di 500 file musicali per cantare le ninna nanne accompagnate dalla melodia.<\/p>\n","protected":false},"excerpt":{"rendered":"<p>Da &#8220;Sette&#8221; supplemento del &#8220;Corriere della sera&#8220;- Numero 43 &#8211; 25 ottobre 2001 &nbsp; Quasi 7000 testi tra filastrocche, ninna nanne, scioglilingua, canzoni, proverbi, indovinelli, fiabe, poesie in italiano, ma anche inglese, francese, spagnolo, svedese, tedesco, olandese. Tutti dedicati ai bambini. Dopo un anno e mezzo di vita on line, il sito si \u00e8 rinnovato [&hellip;]<\/p>\n","protected":false},"author":17,"featured_media":0,"parent":52397,"menu_order":0,"comment_status":"open","ping_status":"open","template":"","meta":{"footnotes":""},"class_list":["post-53599","page","type-page","status-publish","hentry"],"yoast_head":"<!-- This site is optimized with the Yoast SEO plugin v26.2 - https:\/\/yoast.com\/wordpress\/plugins\/seo\/ -->\n<title>www.filastrocche.it - I testi della tradizione di Filastrocche.it<\/title>\n<meta name=\"robots\" content=\"index, follow, max-snippet:-1, max-image-preview:large, max-video-preview:-1\" \/>\n<link rel=\"canonical\" href=\"https:\/\/www.filastrocche.it\/contenuti\/dicono-di-noi\/rassegna-stampa-dellanno-2001\/www-filastrocche-it\/\" \/>\n<meta property=\"og:locale\" content=\"it_IT\" \/>\n<meta property=\"og:type\" content=\"article\" \/>\n<meta property=\"og:title\" content=\"www.filastrocche.it - I testi della tradizione di Filastrocche.it\" \/>\n<meta property=\"og:description\" content=\"Da &#8220;Sette&#8221; supplemento del &#8220;Corriere della sera&#8220;- Numero 43 &#8211; 25 ottobre 2001 &nbsp; Quasi 7000 testi tra filastrocche, ninna nanne, scioglilingua, canzoni, proverbi, indovinelli, fiabe, poesie in italiano, ma anche inglese, francese, spagnolo, svedese, tedesco, olandese. Tutti dedicati ai bambini. Dopo un anno e mezzo di vita on line, il sito si \u00e8 rinnovato [&hellip;]\" \/>\n<meta property=\"og:url\" content=\"https:\/\/www.filastrocche.it\/contenuti\/dicono-di-noi\/rassegna-stampa-dellanno-2001\/www-filastrocche-it\/\" \/>\n<meta property=\"og:site_name\" content=\"I testi della tradizione di Filastrocche.it\" \/>\n<!-- \/ Yoast SEO plugin. -->","yoast_head_json":{"title":"www.filastrocche.it - I testi della tradizione di Filastrocche.it","robots":{"index":"index","follow":"follow","max-snippet":"max-snippet:-1","max-image-preview":"max-image-preview:large","max-video-preview":"max-video-preview:-1"},"canonical":"https:\/\/www.filastrocche.it\/contenuti\/dicono-di-noi\/rassegna-stampa-dellanno-2001\/www-filastrocche-it\/","og_locale":"it_IT","og_type":"article","og_title":"www.filastrocche.it - I testi della tradizione di Filastrocche.it","og_description":"Da &#8220;Sette&#8221; supplemento del &#8220;Corriere della sera&#8220;- Numero 43 &#8211; 25 ottobre 2001 &nbsp; Quasi 7000 testi tra filastrocche, ninna nanne, scioglilingua, canzoni, proverbi, indovinelli, fiabe, poesie in italiano, ma anche inglese, francese, spagnolo, svedese, tedesco, olandese. Tutti dedicati ai bambini. Dopo un anno e mezzo di vita on line, il sito si \u00e8 rinnovato [&hellip;]","og_url":"https:\/\/www.filastrocche.it\/contenuti\/dicono-di-noi\/rassegna-stampa-dellanno-2001\/www-filastrocche-it\/","og_site_name":"I testi della tradizione di Filastrocche.it","schema":{"@context":"https:\/\/schema.org","@graph":[{"@type":"WebPage","@id":"https:\/\/www.filastrocche.it\/contenuti\/dicono-di-noi\/rassegna-stampa-dellanno-2001\/www-filastrocche-it\/","url":"https:\/\/www.filastrocche.it\/contenuti\/dicono-di-noi\/rassegna-stampa-dellanno-2001\/www-filastrocche-it\/","name":"www.filastrocche.it - I testi della tradizione di Filastrocche.it","isPartOf":{"@id":"https:\/\/www.filastrocche.it\/contenuti\/#website"},"datePublished":"2012-06-14T13:08:01+00:00","breadcrumb":{"@id":"https:\/\/www.filastrocche.it\/contenuti\/dicono-di-noi\/rassegna-stampa-dellanno-2001\/www-filastrocche-it\/#breadcrumb"},"inLanguage":"it-IT","potentialAction":[{"@type":"ReadAction","target":["https:\/\/www.filastrocche.it\/contenuti\/dicono-di-noi\/rassegna-stampa-dellanno-2001\/www-filastrocche-it\/"]}]},{"@type":"BreadcrumbList","@id":"https:\/\/www.filastrocche.it\/contenuti\/dicono-di-noi\/rassegna-stampa-dellanno-2001\/www-filastrocche-it\/#breadcrumb","itemListElement":[{"@type":"ListItem","position":1,"name":"Home","item":"https:\/\/www.filastrocche.it\/contenuti\/"},{"@type":"ListItem","position":2,"name":"Dicono di noi","item":"https:\/\/www.filastrocche.it\/contenuti\/dicono-di-noi\/"},{"@type":"ListItem","position":3,"name":"Rassegna stampa dell&#8217;anno 2001","item":"https:\/\/www.filastrocche.it\/contenuti\/dicono-di-noi\/rassegna-stampa-dellanno-2001\/"},{"@type":"ListItem","position":4,"name":"www.filastrocche.it"}]},{"@type":"WebSite","@id":"https:\/\/www.filastrocche.it\/contenuti\/#website","url":"https:\/\/www.filastrocche.it\/contenuti\/","name":"I testi della tradizione di Filastrocche.it","description":"Filastrocche, fiabe, canzoni e...","potentialAction":[{"@type":"SearchAction","target":{"@type":"EntryPoint","urlTemplate":"https:\/\/www.filastrocche.it\/contenuti\/?s={search_term_string}"},"query-input":{"@type":"PropertyValueSpecification","valueRequired":true,"valueName":"search_term_string"}}],"inLanguage":"it-IT"}]}},"_links":{"self":[{"href":"https:\/\/www.filastrocche.it\/contenuti\/wp-json\/wp\/v2\/pages\/53599","targetHints":{"allow":["GET"]}}],"collection":[{"href":"https:\/\/www.filastrocche.it\/contenuti\/wp-json\/wp\/v2\/pages"}],"about":[{"href":"https:\/\/www.filastrocche.it\/contenuti\/wp-json\/wp\/v2\/types\/page"}],"author":[{"embeddable":true,"href":"https:\/\/www.filastrocche.it\/contenuti\/wp-json\/wp\/v2\/users\/17"}],"replies":[{"embeddable":true,"href":"https:\/\/www.filastrocche.it\/contenuti\/wp-json\/wp\/v2\/comments?post=53599"}],"version-history":[{"count":0,"href":"https:\/\/www.filastrocche.it\/contenuti\/wp-json\/wp\/v2\/pages\/53599\/revisions"}],"up":[{"embeddable":true,"href":"https:\/\/www.filastrocche.it\/contenuti\/wp-json\/wp\/v2\/pages\/52397"}],"wp:attachment":[{"href":"https:\/\/www.filastrocche.it\/contenuti\/wp-json\/wp\/v2\/media?parent=53599"}],"curies":[{"name":"wp","href":"https:\/\/api.w.org\/{rel}","templated":true}]}}