{"id":53667,"date":"2012-06-15T08:39:12","date_gmt":"2012-06-15T08:39:12","guid":{"rendered":"https:\/\/www.filastrocche.it\/contenuti\/?page_id=53667"},"modified":"2012-06-15T08:39:12","modified_gmt":"2012-06-15T08:39:12","slug":"web-women-quelle-che-cliccano-e-fanno-affari","status":"publish","type":"page","link":"https:\/\/www.filastrocche.it\/contenuti\/dicono-di-noi\/rassegna-stampa-dellanno-2000\/web-women-quelle-che-cliccano-e-fanno-affari\/","title":{"rendered":"Web Women: quelle che cliccano (e fanno affari)"},"content":{"rendered":"<p><span >Prese nella rete<\/span><span ><br \/>\nWeb Woman: quelle che cliccano (e fanno affari)<\/span><\/p>\n<p>&nbsp;<\/p>\n<p>Da &#8220;<a href=\"http:\/\/www.mondadori.com\/\" target=\"_blank\"><strong>Marie Clarie<\/strong><\/a>&#8221; settembre 2000<br \/>\n<span><em>di Gabriella Piroli<\/em><\/span><br \/>\n<span><em>Inchiesta: dal gioco al job, come navigare per divertimento e diventare veterane della rete.<\/p>\n<p><\/em><\/span><br \/>\n<span><em><\/p>\n<p><strong>&#8230;RICETTE E FILASTROCCHE<\/strong><\/em><\/p>\n<p>Jolanda Restano &#8211; &#8220;S\u00ec, la rete \u00e8 il mio mondo professionale gi\u00e0 da quattro anni. Fino all&#8217;inizio di quest&#8217;anno, mi sono occupata di www.sameint.it, grande sito dedicato alla salute e alla farmacia (materia in cui ho anche una laurea). Ma adesso ho deciso di buttarmi, di tentare davvero: ho fondato una societ\u00e0 che fa siti Internet e che, naturalmente, pu\u00f2 essere consultata on line:<br \/>\n<a href=\"http:\/\/www.jopweb.com\" target=\"_blank\"><strong>www.jopweb.com<\/strong><\/a>.<\/p>\n<p>In pi\u00f9 curo un sito per bambini: <a href=\"https:\/\/www.filastrocche.it\" target=\"_blank\"><strong>www.filastrocche.it<\/strong><\/a>.<\/p>\n<p>Buon divertimento a tutte!&#8221;.<\/span><\/p>\n","protected":false},"excerpt":{"rendered":"<p>Prese nella rete Web Woman: quelle che cliccano (e fanno affari) &nbsp; Da &#8220;Marie Clarie&#8221; settembre 2000 di Gabriella Piroli Inchiesta: dal gioco al job, come navigare per divertimento e diventare veterane della rete. &#8230;RICETTE E FILASTROCCHE Jolanda Restano &#8211; &#8220;S\u00ec, la rete \u00e8 il mio mondo professionale gi\u00e0 da quattro anni. Fino all&#8217;inizio di [&hellip;]<\/p>\n","protected":false},"author":17,"featured_media":0,"parent":52393,"menu_order":0,"comment_status":"open","ping_status":"open","template":"","meta":{"footnotes":""},"class_list":["post-53667","page","type-page","status-publish","hentry"],"yoast_head":"<!-- This site is optimized with the Yoast SEO plugin v26.2 - https:\/\/yoast.com\/wordpress\/plugins\/seo\/ -->\n<title>Web Women: quelle che cliccano (e fanno affari) - I testi della tradizione di Filastrocche.it<\/title>\n<meta name=\"robots\" content=\"index, follow, max-snippet:-1, max-image-preview:large, max-video-preview:-1\" \/>\n<link rel=\"canonical\" href=\"https:\/\/www.filastrocche.it\/contenuti\/dicono-di-noi\/rassegna-stampa-dellanno-2000\/web-women-quelle-che-cliccano-e-fanno-affari\/\" \/>\n<meta property=\"og:locale\" content=\"it_IT\" \/>\n<meta property=\"og:type\" content=\"article\" \/>\n<meta property=\"og:title\" content=\"Web Women: quelle che cliccano (e fanno affari) - I testi della tradizione di Filastrocche.it\" \/>\n<meta property=\"og:description\" content=\"Prese nella rete Web Woman: quelle che cliccano (e fanno affari) &nbsp; Da &#8220;Marie Clarie&#8221; settembre 2000 di Gabriella Piroli Inchiesta: dal gioco al job, come navigare per divertimento e diventare veterane della rete. &#8230;RICETTE E FILASTROCCHE Jolanda Restano &#8211; &#8220;S\u00ec, la rete \u00e8 il mio mondo professionale gi\u00e0 da quattro anni. Fino all&#8217;inizio di [&hellip;]\" \/>\n<meta property=\"og:url\" content=\"https:\/\/www.filastrocche.it\/contenuti\/dicono-di-noi\/rassegna-stampa-dellanno-2000\/web-women-quelle-che-cliccano-e-fanno-affari\/\" \/>\n<meta property=\"og:site_name\" content=\"I testi della tradizione di Filastrocche.it\" \/>\n<meta name=\"twitter:label1\" content=\"Tempo di lettura stimato\" \/>\n\t<meta name=\"twitter:data1\" content=\"1 minuto\" \/>\n<!-- \/ Yoast SEO plugin. -->","yoast_head_json":{"title":"Web Women: quelle che cliccano (e fanno affari) - I testi della tradizione di Filastrocche.it","robots":{"index":"index","follow":"follow","max-snippet":"max-snippet:-1","max-image-preview":"max-image-preview:large","max-video-preview":"max-video-preview:-1"},"canonical":"https:\/\/www.filastrocche.it\/contenuti\/dicono-di-noi\/rassegna-stampa-dellanno-2000\/web-women-quelle-che-cliccano-e-fanno-affari\/","og_locale":"it_IT","og_type":"article","og_title":"Web Women: quelle che cliccano (e fanno affari) - I testi della tradizione di Filastrocche.it","og_description":"Prese nella rete Web Woman: quelle che cliccano (e fanno affari) &nbsp; Da &#8220;Marie Clarie&#8221; settembre 2000 di Gabriella Piroli Inchiesta: dal gioco al job, come navigare per divertimento e diventare veterane della rete. &#8230;RICETTE E FILASTROCCHE Jolanda Restano &#8211; &#8220;S\u00ec, la rete \u00e8 il mio mondo professionale gi\u00e0 da quattro anni. Fino all&#8217;inizio di [&hellip;]","og_url":"https:\/\/www.filastrocche.it\/contenuti\/dicono-di-noi\/rassegna-stampa-dellanno-2000\/web-women-quelle-che-cliccano-e-fanno-affari\/","og_site_name":"I testi della tradizione di Filastrocche.it","twitter_misc":{"Tempo di lettura stimato":"1 minuto"},"schema":{"@context":"https:\/\/schema.org","@graph":[{"@type":"WebPage","@id":"https:\/\/www.filastrocche.it\/contenuti\/dicono-di-noi\/rassegna-stampa-dellanno-2000\/web-women-quelle-che-cliccano-e-fanno-affari\/","url":"https:\/\/www.filastrocche.it\/contenuti\/dicono-di-noi\/rassegna-stampa-dellanno-2000\/web-women-quelle-che-cliccano-e-fanno-affari\/","name":"Web Women: quelle che cliccano (e fanno affari) - I testi della tradizione di Filastrocche.it","isPartOf":{"@id":"https:\/\/www.filastrocche.it\/contenuti\/#website"},"datePublished":"2012-06-15T08:39:12+00:00","breadcrumb":{"@id":"https:\/\/www.filastrocche.it\/contenuti\/dicono-di-noi\/rassegna-stampa-dellanno-2000\/web-women-quelle-che-cliccano-e-fanno-affari\/#breadcrumb"},"inLanguage":"it-IT","potentialAction":[{"@type":"ReadAction","target":["https:\/\/www.filastrocche.it\/contenuti\/dicono-di-noi\/rassegna-stampa-dellanno-2000\/web-women-quelle-che-cliccano-e-fanno-affari\/"]}]},{"@type":"BreadcrumbList","@id":"https:\/\/www.filastrocche.it\/contenuti\/dicono-di-noi\/rassegna-stampa-dellanno-2000\/web-women-quelle-che-cliccano-e-fanno-affari\/#breadcrumb","itemListElement":[{"@type":"ListItem","position":1,"name":"Home","item":"https:\/\/www.filastrocche.it\/contenuti\/"},{"@type":"ListItem","position":2,"name":"Dicono di noi","item":"https:\/\/www.filastrocche.it\/contenuti\/dicono-di-noi\/"},{"@type":"ListItem","position":3,"name":"Rassegna stampa dell&#8217;anno 2000","item":"https:\/\/www.filastrocche.it\/contenuti\/dicono-di-noi\/rassegna-stampa-dellanno-2000\/"},{"@type":"ListItem","position":4,"name":"Web Women: quelle che cliccano (e fanno affari)"}]},{"@type":"WebSite","@id":"https:\/\/www.filastrocche.it\/contenuti\/#website","url":"https:\/\/www.filastrocche.it\/contenuti\/","name":"I testi della tradizione di Filastrocche.it","description":"Filastrocche, fiabe, canzoni e...","potentialAction":[{"@type":"SearchAction","target":{"@type":"EntryPoint","urlTemplate":"https:\/\/www.filastrocche.it\/contenuti\/?s={search_term_string}"},"query-input":{"@type":"PropertyValueSpecification","valueRequired":true,"valueName":"search_term_string"}}],"inLanguage":"it-IT"}]}},"_links":{"self":[{"href":"https:\/\/www.filastrocche.it\/contenuti\/wp-json\/wp\/v2\/pages\/53667","targetHints":{"allow":["GET"]}}],"collection":[{"href":"https:\/\/www.filastrocche.it\/contenuti\/wp-json\/wp\/v2\/pages"}],"about":[{"href":"https:\/\/www.filastrocche.it\/contenuti\/wp-json\/wp\/v2\/types\/page"}],"author":[{"embeddable":true,"href":"https:\/\/www.filastrocche.it\/contenuti\/wp-json\/wp\/v2\/users\/17"}],"replies":[{"embeddable":true,"href":"https:\/\/www.filastrocche.it\/contenuti\/wp-json\/wp\/v2\/comments?post=53667"}],"version-history":[{"count":0,"href":"https:\/\/www.filastrocche.it\/contenuti\/wp-json\/wp\/v2\/pages\/53667\/revisions"}],"up":[{"embeddable":true,"href":"https:\/\/www.filastrocche.it\/contenuti\/wp-json\/wp\/v2\/pages\/52393"}],"wp:attachment":[{"href":"https:\/\/www.filastrocche.it\/contenuti\/wp-json\/wp\/v2\/media?parent=53667"}],"curies":[{"name":"wp","href":"https:\/\/api.w.org\/{rel}","templated":true}]}}